{"id":1326,"date":"2025-01-25T16:22:04","date_gmt":"2025-01-25T15:22:04","guid":{"rendered":"http:\/\/reunifedd.fr\/?page_id=1326"},"modified":"2025-03-30T11:51:17","modified_gmt":"2025-03-30T09:51:17","slug":"master-fedd-en-foad","status":"publish","type":"page","link":"https:\/\/reunifedd.fr\/index.php\/master-fedd-en-foad\/","title":{"rendered":"Master FEDD en FOAD."},"content":{"rendered":"\n<p>Ouverture en Mars 2025<\/p>\n\n\n\n<p>Bonjour pour nous contacter envoyer un mail \u00e0 didier.mulnet@uca.fr<\/p>\n\n\n\n<div data-wp-interactive=\"core\/file\" class=\"wp-block-file\"><object data-wp-bind--hidden=\"!state.hasPdfPreview\" hidden class=\"wp-block-file__embed\" data=\"http:\/\/reunifedd.fr\/wp-content\/uploads\/2025\/03\/MASTER-International-de-Formation-de-Formateur-en-Education-et-Formation-au-developpement-Durable-FOAD-Descriptif.pdf\" type=\"application\/pdf\" style=\"width:100%;height:600px\" aria-label=\"Contenu embarqu\u00e9 MASTER International de Formation de Formateur en Education et Formation au d\u00e9veloppement Durable FOAD Descriptif.\"><\/object><a id=\"wp-block-file--media-659d3855-4eeb-4204-97f0-bf161ac9f492\" href=\"http:\/\/reunifedd.fr\/wp-content\/uploads\/2025\/03\/MASTER-International-de-Formation-de-Formateur-en-Education-et-Formation-au-developpement-Durable-FOAD-Descriptif.pdf\">MASTER International de Formation de Formateur en Education et Formation au d\u00e9veloppement Durable FOAD Descriptif<\/a><a href=\"http:\/\/reunifedd.fr\/wp-content\/uploads\/2025\/03\/MASTER-International-de-Formation-de-Formateur-en-Education-et-Formation-au-developpement-Durable-FOAD-Descriptif.pdf\" class=\"wp-block-file__button wp-element-button\" download aria-describedby=\"wp-block-file--media-659d3855-4eeb-4204-97f0-bf161ac9f492\">T\u00e9l\u00e9charger<\/a><\/div>\n\n\n\n<div data-wp-interactive=\"core\/file\" class=\"wp-block-file\"><object data-wp-bind--hidden=\"!state.hasPdfPreview\" hidden class=\"wp-block-file__embed\" data=\"http:\/\/reunifedd.fr\/wp-content\/uploads\/2025\/03\/Presentation-UE-S1-S2-M1-FEDD-et-resume-des-UE-du-M2.pdf\" type=\"application\/pdf\" style=\"width:100%;height:600px\" aria-label=\"Contenu embarqu\u00e9 Pr\u00e9sentation UE S1 S2 M1 FEDD et r\u00e9sum\u00e9 des UE du M2.\"><\/object><a id=\"wp-block-file--media-fdf5ed06-ee1a-4bb5-90c4-866aa1d0c6f3\" href=\"http:\/\/reunifedd.fr\/wp-content\/uploads\/2025\/03\/Presentation-UE-S1-S2-M1-FEDD-et-resume-des-UE-du-M2.pdf\">Pr\u00e9sentation UE S1 S2 M1 FEDD et r\u00e9sum\u00e9 des UE du M2<\/a><a href=\"http:\/\/reunifedd.fr\/wp-content\/uploads\/2025\/03\/Presentation-UE-S1-S2-M1-FEDD-et-resume-des-UE-du-M2.pdf\" class=\"wp-block-file__button wp-element-button\" download aria-describedby=\"wp-block-file--media-fdf5ed06-ee1a-4bb5-90c4-866aa1d0c6f3\">T\u00e9l\u00e9charger<\/a><\/div>\n\n\n\n<div class=\"wp-block-file\"><a id=\"wp-block-file--media-bd7b4673-c120-44ae-8a56-57bab1d12ff5\" href=\"http:\/\/reunifedd.fr\/wp-content\/uploads\/2025\/03\/PROCEDURE_INSCRIPTION_Master_FFEDD-FOAD_U_BONDOUKOU_PR_06032025.docx\">PROCEDURE_INSCRIPTION_Master_FFEDD FOAD_U_BONDOUKOU_PR_06032025<\/a><a href=\"http:\/\/reunifedd.fr\/wp-content\/uploads\/2025\/03\/PROCEDURE_INSCRIPTION_Master_FFEDD-FOAD_U_BONDOUKOU_PR_06032025.docx\" class=\"wp-block-file__button wp-element-button\" download aria-describedby=\"wp-block-file--media-bd7b4673-c120-44ae-8a56-57bab1d12ff5\">T\u00e9l\u00e9charger<\/a><\/div>\n\n\n\n<p><\/p>\n\n\n\n<p>Le 1er Zoom d&rsquo;information aura lieu le MERCREDI 19 MARS 2025 entre 17h et 19h (heure fran\u00e7aise) sur le lien zoom suivant: <a href=\"https:\/\/us06web.zoom.us\/j\/83174640331?pwd=wJqSzQK4rjIZs9uOydBk4bajjHI3dZ.1\">https:\/\/us06web.zoom.us\/j\/83174640331?pwd=wJqSzQK4rjIZs9uOydBk4bajjHI3dZ.1<\/a><\/p>\n\n\n\n<p>Lors de cette 1ere s\u00e9ance d&rsquo;information en ligne de ce master FOAD sera pr\u00e9sent\u00e9 (contenus, modalit\u00e9s, aspects techniques p\u00e9dagogiques voire juridiques et financiers). Vous poserez toutes les questions n\u00e9cessaires. ATTENTION RECTIFICATION inscription via le formulaire ci dessus, le site d&rsquo;inscription en ligne ne permettant pas \u00e0 certains d&rsquo;entre vous de finaliser votre inscription.<\/p>\n\n\n\n<div data-wp-interactive=\"core\/file\" class=\"wp-block-file\"><object data-wp-bind--hidden=\"!state.hasPdfPreview\" hidden class=\"wp-block-file__embed\" data=\"http:\/\/reunifedd.fr\/wp-content\/uploads\/2025\/03\/Presentation-du-master-FEDD-en-FOAD-le-19-Mars-2025.pdf\" type=\"application\/pdf\" style=\"width:100%;height:600px\" aria-label=\"Contenu embarqu\u00e9 Pr\u00e9sentation du master FEDD en FOAD le 19 Mars 2025.\"><\/object><a id=\"wp-block-file--media-ec70e3c1-a116-4bb4-909f-287c00efb726\" href=\"http:\/\/reunifedd.fr\/wp-content\/uploads\/2025\/03\/Presentation-du-master-FEDD-en-FOAD-le-19-Mars-2025.pdf\">Pr\u00e9sentation du master FEDD en FOAD le 19 Mars 2025<\/a><a href=\"http:\/\/reunifedd.fr\/wp-content\/uploads\/2025\/03\/Presentation-du-master-FEDD-en-FOAD-le-19-Mars-2025.pdf\" class=\"wp-block-file__button wp-element-button\" download aria-describedby=\"wp-block-file--media-ec70e3c1-a116-4bb4-909f-287c00efb726\">T\u00e9l\u00e9charger<\/a><\/div>\n\n\n\n<p>Lien vers l&rsquo;enregistrement  de  cette1ere s\u00e9ance de pr\u00e9sentation du master FEDD en FOAD  <a href=\"https:\/\/youtu.be\/raop_NZOYHM\">https:\/\/youtu.be\/raop_NZOYHM<\/a><\/p>\n\n\n\n<p>Par rapport \u00e0 la 2eme s\u00e9ance de pr\u00e9sentation MERCREDI 26 Mars toujours entre 17h et 19h, toujours sur le m\u00eame lien zoom, nous ne reviendront pas sur les descriptions faites en s\u00e9ance 1, mais nous verrons avec vous le comment s&rsquo;inscrire, payer, s&rsquo;organiser pour suivre les cours malgr\u00e9 vos occupations professionnelles, s&rsquo;organiser pour bien comprendre l&rsquo;articulation entre les cours d\u00e9pos\u00e9s sur l&rsquo;ENT, les vid\u00e9os enregistr\u00e9es en asynchrone et synchrone, les tests, ou aller cherche toutes les vid\u00e9os sur You Tube et autres questions. &#8230;.<a href=\"https:\/\/youtu.be\/nR9u8FjTAKA\">https:\/\/youtu.be\/nR9u8FjTAKA<\/a> <\/p>\n\n\n\n<p><strong><em>ATTENTION, en raison d&rsquo;un probl\u00e8me technique, vous ne pourrez vous inscrire en ligne, donc renvoyer le formulaire ci dessous \u00e0 <\/em><\/strong><a href=\"mailto:kouassi.koye@ubkou.edu.ci\"><strong>kouassi.koye@ubkou.edu.ci<\/strong><\/a>; <a href=\"mailto:sergebouaffou@gmail.com\"><strong>sergebouaffou@gmail.com<\/strong><\/a>;<a href=\"mailto:gruslinmarina@gmail.com\"><strong>gruslinmarina@gmail.com<\/strong><\/a>;<a href=\"mailto:marcelline.djeumenitchamabe@gmail.com\"><strong>marcelline.djeumenitchamabe@gmail.com<\/strong><\/a>;<a href=\"mailto:nfiamab@yahoo.fr\"><strong>nfiamab@yahoo.fr<\/strong><\/a><\/p>\n\n\n\n<div class=\"wp-block-file\"><a id=\"wp-block-file--media-bd7b4673-c120-44ae-8a56-57bab1d12ff5\" href=\"http:\/\/reunifedd.fr\/wp-content\/uploads\/2025\/03\/PROCEDURE_INSCRIPTION_Master_FFEDD-FOAD_U_BONDOUKOU_PR_06032025.docx\">PROCEDURE_INSCRIPTION_Master_FFEDD FOAD_U_BONDOUKOU_PR_06032025<\/a><a href=\"http:\/\/reunifedd.fr\/wp-content\/uploads\/2025\/03\/PROCEDURE_INSCRIPTION_Master_FFEDD-FOAD_U_BONDOUKOU_PR_06032025.docx\" class=\"wp-block-file__button wp-element-button\" download aria-describedby=\"wp-block-file--media-bd7b4673-c120-44ae-8a56-57bab1d12ff5\">T\u00e9l\u00e9charger<\/a><\/div>\n\n\n\n<ul class=\"wp-block-list\"><\/ul>\n\n\n\n<ul class=\"wp-block-list\">\n<li>Le <strong>1er COURS de ce master aura lieu le MERCREDI 2 AVRIL entre 17h<\/strong> et 19h (heure fran\u00e7aise attention aux fuseaux horaires et changements d&rsquo;horaires d&rsquo;\u00e9t\u00e9 avec la France depuis le week end du 30 mars 2025, car nous avons avanc\u00e9 d&rsquo;une heure l&rsquo;horaire d&rsquo;avant le 1 avril 2025)<\/li>\n\n\n\n<li><a href=\"https:\/\/us06web.zoom.us\/j\/83174640331?pwd=wJqSzQK4rjIZs9uOydBk4bajjHI3dZ.1\">https:\/\/us06web.zoom.us\/j\/83174640331?pwd=wJqSzQK4rjIZs9uOydBk4bajjHI3dZ.1<\/a><\/li>\n\n\n\n<li>Pour vous connecter cliquez sur le lien zoom ci dessus.<\/li>\n<\/ul>\n\n\n\n<p><\/p>\n\n\n\n<p><\/p>\n","protected":false},"excerpt":{"rendered":"<p>Ouverture en Mars 2025 Bonjour pour nous contacter envoyer un mail \u00e0 didier.mulnet@uca.fr Le 1er Zoom d&rsquo;information aura lieu le MERCREDI 19 MARS 2025 entre 17h et 19h (heure fran\u00e7aise) sur le lien zoom suivant: https:\/\/us06web.zoom.us\/j\/83174640331?pwd=wJqSzQK4rjIZs9uOydBk4bajjHI3dZ.1 Lors de cette 1ere s\u00e9ance d&rsquo;information en ligne de ce master FOAD sera pr\u00e9sent\u00e9 (contenus, modalit\u00e9s, aspects techniques p\u00e9dagogiques voire juridiques et financiers). Vous poserez toutes les questions n\u00e9cessaires. ATTENTION RECTIFICATION inscription via le formulaire ci dessus, le site d&rsquo;inscription en ligne ne permettant&#8230;<\/p>\n<p class=\"read-more\"><a class=\"btn btn-default\" href=\"https:\/\/reunifedd.fr\/index.php\/master-fedd-en-foad\/\">Lire la suite<span class=\"screen-reader-text\"> Lire la suite<\/span><\/a><\/p>\n","protected":false},"author":1,"featured_media":0,"parent":0,"menu_order":0,"comment_status":"closed","ping_status":"closed","template":"","meta":{"footnotes":""},"class_list":["post-1326","page","type-page","status-publish","hentry"],"_links":{"self":[{"href":"https:\/\/reunifedd.fr\/index.php\/wp-json\/wp\/v2\/pages\/1326","targetHints":{"allow":["GET"]}}],"collection":[{"href":"https:\/\/reunifedd.fr\/index.php\/wp-json\/wp\/v2\/pages"}],"about":[{"href":"https:\/\/reunifedd.fr\/index.php\/wp-json\/wp\/v2\/types\/page"}],"author":[{"embeddable":true,"href":"https:\/\/reunifedd.fr\/index.php\/wp-json\/wp\/v2\/users\/1"}],"replies":[{"embeddable":true,"href":"https:\/\/reunifedd.fr\/index.php\/wp-json\/wp\/v2\/comments?post=1326"}],"version-history":[{"count":7,"href":"https:\/\/reunifedd.fr\/index.php\/wp-json\/wp\/v2\/pages\/1326\/revisions"}],"predecessor-version":[{"id":1345,"href":"https:\/\/reunifedd.fr\/index.php\/wp-json\/wp\/v2\/pages\/1326\/revisions\/1345"}],"wp:attachment":[{"href":"https:\/\/reunifedd.fr\/index.php\/wp-json\/wp\/v2\/media?parent=1326"}],"curies":[{"name":"wp","href":"https:\/\/api.w.org\/{rel}","templated":true}]}}