{"id":28,"date":"2019-10-26T11:32:14","date_gmt":"2019-10-26T09:32:14","guid":{"rendered":"http:\/\/reunifedd.fr\/?page_id=28"},"modified":"2019-11-19T18:09:45","modified_gmt":"2019-11-19T17:09:45","slug":"paris-2019","status":"publish","type":"page","link":"https:\/\/reunifedd.fr\/index.php\/paris-2019\/","title":{"rendered":"Colloque des 9 et 10 Juillet 2019. Devenir actrices et acteurs d\u2019un monde qui change"},"content":{"rendered":"\n<p><\/p>\n\n\n\n<h1 class=\"wp-block-heading\"><\/h1>\n\n\n\n<h2 class=\"wp-block-heading\"><strong><em>Transformer l\u2019\u00e9ducation et les formations en prenant en  compte les Objectifs du D\u00e9veloppement Durable (ODD) et les comp\u00e9tences  DD<\/em><\/strong><\/h2>\n\n\n\n<p> <a href=\"http:\/\/fecodd.fr\/index.php\/colloques\/colloque-des-9-et-10-juillet-2019\/\">Lien vers le Colloque FECODD de juillet 2O19<\/a>    <\/p>\n\n\n\n<p><\/p>\n\n\n\n<p><\/p>\n\n\n\n<p><\/p>\n","protected":false},"excerpt":{"rendered":"<p>Transformer l\u2019\u00e9ducation et les formations en prenant en compte les Objectifs du D\u00e9veloppement Durable (ODD) et les comp\u00e9tences DD Lien vers le Colloque FECODD de juillet 2O19<\/p>\n","protected":false},"author":2,"featured_media":0,"parent":0,"menu_order":0,"comment_status":"closed","ping_status":"closed","template":"","meta":{"footnotes":""},"class_list":["post-28","page","type-page","status-publish","hentry"],"_links":{"self":[{"href":"https:\/\/reunifedd.fr\/index.php\/wp-json\/wp\/v2\/pages\/28","targetHints":{"allow":["GET"]}}],"collection":[{"href":"https:\/\/reunifedd.fr\/index.php\/wp-json\/wp\/v2\/pages"}],"about":[{"href":"https:\/\/reunifedd.fr\/index.php\/wp-json\/wp\/v2\/types\/page"}],"author":[{"embeddable":true,"href":"https:\/\/reunifedd.fr\/index.php\/wp-json\/wp\/v2\/users\/2"}],"replies":[{"embeddable":true,"href":"https:\/\/reunifedd.fr\/index.php\/wp-json\/wp\/v2\/comments?post=28"}],"version-history":[{"count":3,"href":"https:\/\/reunifedd.fr\/index.php\/wp-json\/wp\/v2\/pages\/28\/revisions"}],"predecessor-version":[{"id":483,"href":"https:\/\/reunifedd.fr\/index.php\/wp-json\/wp\/v2\/pages\/28\/revisions\/483"}],"wp:attachment":[{"href":"https:\/\/reunifedd.fr\/index.php\/wp-json\/wp\/v2\/media?parent=28"}],"curies":[{"name":"wp","href":"https:\/\/api.w.org\/{rel}","templated":true}]}}