{"id":364,"date":"2020-05-02T17:56:41","date_gmt":"2020-05-02T15:56:41","guid":{"rendered":"http:\/\/reunifedd.fr\/?page_id=364"},"modified":"2020-06-11T15:09:32","modified_gmt":"2020-06-11T13:09:32","slug":"1er-seminaire-reunifedd","status":"publish","type":"page","link":"https:\/\/reunifedd.fr\/index.php\/projets-de-lassociation\/1er-seminaire-reunifedd\/","title":{"rendered":"1er s\u00e9minaire R\u00e9UniFEDD."},"content":{"rendered":"\n<p>Ce s\u00e9minaire est constitu\u00e9 de 4 Webinaires. Dans cette p\u00e9riode de confinement et pour les suivants, comme il est difficile de pourvoir se procurer les ouvrages pr\u00e9sent\u00e9s, nous d\u00e9poserons des documents pr\u00e9paratoires, r\u00e9sum\u00e9s ou autres en amont de chaque Webinaire. <\/p>\n\n\n\n<p><em>Pendant et \u00e0 l&rsquo;issu de ce 1er s\u00e9minaire, nous d\u00e9finirons les modalit\u00e9s et th\u00e9matiques des s\u00e9minaires suivants, puisque l\u00e0, nous sommes sur \u00ab\u00a0quelque chose\u00a0\u00bb qui est interm\u00e9diaire entre des cours (puisque qu&rsquo;il est difficile de parler de quelque chose qu&rsquo;on ne connait pas), des \u00e9changes et la partie s\u00e9minaire proprement dite. Nous n&rsquo;avons pas non plus plus d\u00e9fini s&rsquo;il s&rsquo;agissait d&rsquo;un s\u00e9minaire de formation ou de recherche, destin\u00e9 \u00e0 tous les publics ou \u00e0 un public plus averti. A priori, m\u00eame si les concepts sont un peu pointus, nous essayons de les rendre accessibles \u00e0 tous. Apr\u00e8s chaque Webinaire vous \u00eates invit\u00e9(e)s \u00e0 envoyer vos commentaires qui seront mis en ligne ou \u00e0 utiliser le forum public qui est sur ce site pour \u00e9changer.<\/em><\/p>\n\n\n\n<p class=\"has-background has-pale-cyan-blue-background-color\">Webinaire 1 . Pr\u00e9sentation du livre de Georges Marshall Le syndrome de l&rsquo;autruche. Pourquoi notre cerveau veut ignorer la changement climatique LIEN VERS LA VID\u00c9O .<a href=\"https:\/\/youtu.be\/3efT6TECluE\">https:\/\/youtu.be\/3efT6TECluE<\/a><\/p>\n\n\n\n<div class=\"wp-block-file\"><a href=\"http:\/\/reunifedd.fr\/wp-content\/uploads\/2020\/04\/RESUME-DU-LIVRE-de-GEORGES-MARSHALL.pdf\">R\u00c9SUME DU LIVRE de GEORGES MARSHALL<\/a><a href=\"http:\/\/reunifedd.fr\/wp-content\/uploads\/2020\/04\/RESUME-DU-LIVRE-de-GEORGES-MARSHALL.pdf\" class=\"wp-block-file__button\" download>T\u00e9l\u00e9charger<\/a><\/div>\n\n\n\n<div class=\"wp-block-file\"><a href=\"http:\/\/reunifedd.fr\/wp-content\/uploads\/2020\/05\/SYNDROME-DE-L\u2019AUTRUCHE-Georges-Marshall-expos\u00e9-Didier-Mulnet.pdf\">Expos\u00e9 Didier Mulnet, fichier de pr\u00e9sentation<\/a><a href=\"http:\/\/reunifedd.fr\/wp-content\/uploads\/2020\/05\/SYNDROME-DE-L\u2019AUTRUCHE-Georges-Marshall-expos\u00e9-Didier-Mulnet.pdf\" class=\"wp-block-file__button\" download>T\u00e9l\u00e9charger<\/a><\/div>\n\n\n\n<div class=\"wp-block-file\"><a href=\"http:\/\/reunifedd.fr\/wp-content\/uploads\/2020\/05\/Retour-de-Francine-Depras-sur-le-1er-Webinaire.pdf\"><em>Retour de Francine Depras sur le 1er Webinaire<\/em><\/a><a href=\"http:\/\/reunifedd.fr\/wp-content\/uploads\/2020\/05\/Retour-de-Francine-Depras-sur-le-1er-Webinaire.pdf\" class=\"wp-block-file__button\" download>T\u00e9l\u00e9charger<\/a><\/div>\n\n\n\n<p class=\"has-background has-pale-cyan-blue-background-color\"><strong>Webinaire 2: <\/strong> MARDI 5 MAI 17h 18h30 Liens entre le cerveau et nos fa\u00e7ons d\u2019aborder le d\u00e9veloppement durable . Fonctionnement c\u00e9r\u00e9bral , biais cognitifs et \u00ab\u00a0destruction de la plan\u00e8te\u00a0\u00bb \u00e0 partir des ouvrages de :<br> Albert Moukheiber Votre cerveau vous joue de tours<br> S\u00e9bastien Bohler Le bug humain. Pourquoi notre cerveau nous pousse \u00e0 d\u00e9truire la plan\u00e8te&#8230;.. Les documents pr\u00e9paratoires ont \u00e9t\u00e9 bascul\u00e9s dans l&rsquo;espace adh\u00e9rent. Vous trouverez ci dessous &#8230;<\/p>\n\n\n\n<div class=\"wp-block-file\"><a href=\"http:\/\/reunifedd.fr\/wp-content\/uploads\/2020\/05\/Webinaire-2-Cerveau-Bug-humain-expos\u00e9-Didier-Mulnet-5-mai-2020-3.pdf\">Webinaire 2 Cerveau + Bug humain (expos\u00e9 Didier Mulnet) 5 mai 2020<\/a><a href=\"http:\/\/reunifedd.fr\/wp-content\/uploads\/2020\/05\/Webinaire-2-Cerveau-Bug-humain-expos\u00e9-Didier-Mulnet-5-mai-2020-3.pdf\" class=\"wp-block-file__button\" download>T\u00e9l\u00e9charger<\/a><\/div>\n\n\n\n<figure class=\"wp-block-embed-youtube wp-block-embed is-type-video is-provider-youtube wp-embed-aspect-16-9 wp-has-aspect-ratio\"><div class=\"wp-block-embed__wrapper\">\n<iframe loading=\"lazy\" title=\"Webinaire2 R\u00e9UniFEDD\" width=\"640\" height=\"360\" src=\"https:\/\/www.youtube.com\/embed\/ZBq1ThXDup0?feature=oembed\" frameborder=\"0\" allow=\"accelerometer; autoplay; clipboard-write; encrypted-media; gyroscope; picture-in-picture; web-share\" referrerpolicy=\"strict-origin-when-cross-origin\" allowfullscreen><\/iframe>\n<\/div><\/figure>\n\n\n\n<p class=\"has-background has-pale-cyan-blue-background-color\"><strong>Webinaire 3&nbsp;: D\u00e9cisions absurdes et penser clairement certaines questions de d\u00e9veloppement<\/strong> durable.  C Morel Les d\u00e9cisions absurdes et  Hans Rosling Penser clairement, \u00e7a s&rsquo;apprend!  Animation&nbsp;: Didier Mulnet Le JEUDI 14 MAI 17h 18h30 <\/p>\n\n\n\n<div class=\"wp-block-group has-pale-cyan-blue-background-color has-background\"><div class=\"wp-block-group__inner-container is-layout-flow wp-block-group-is-layout-flow\">\n<div class=\"wp-block-group\"><div class=\"wp-block-group__inner-container is-layout-flow wp-block-group-is-layout-flow\">\n<div class=\"wp-block-file\"><a href=\"http:\/\/reunifedd.fr\/wp-content\/uploads\/2020\/05\/Factfullness-D\u00e9cisions-absurdes-webinaire-3-expos\u00e9-Didier-Mulnet.pdf\">Pour t\u00e9l\u00e9charger la pr\u00e9sentation de l&rsquo;expos\u00e9 Factfullness D\u00e9cisions absurdes ( webinaire 3 expos\u00e9 Didier Mulnet)<\/a><a href=\"http:\/\/reunifedd.fr\/wp-content\/uploads\/2020\/05\/Factfullness-D\u00e9cisions-absurdes-webinaire-3-expos\u00e9-Didier-Mulnet.pdf\" class=\"wp-block-file__button\" download>T\u00e9l\u00e9charger<\/a><\/div>\n<\/div><\/div>\n<\/div><\/div>\n\n\n\n<p>Pour suivre la vid\u00e9o cliquez sur <a href=\"https:\/\/youtu.be\/0Uo6GVpnma8\">https:\/\/youtu.be\/0Uo6GVpnma8<\/a>  A l&rsquo;issue de ce Webinaire 3 du 14 Mai, les documents  ont revers\u00e9s dans la partie adh\u00e9rents R\u00e9UniFEDD.<\/p>\n\n\n\n<div class=\"wp-block-group\"><div class=\"wp-block-group__inner-container is-layout-flow wp-block-group-is-layout-flow\">\n<p class=\"has-background has-pale-cyan-blue-background-color\">Pour suivre le <strong>Webinaire 4 \u00ab\u00a0Place aux jeunes\u00a0\u00bb.<\/strong>&#8230;                                                                                                   Jean DUCHESNE\u00a0\u00a0\u00a0\u00a0\u00a0\u00a0\u00a0\u00a0\u00a0\u00a0\u00a0\u00a0\u00a0\u00a0 <em><strong>En quoi l\u2019\u00e9ducation \u00e0 l\u2019esprit critique favorise t\u2019elle les changements de comportement<\/strong><\/em>.                                           Quentin VEDRENNE\u00a0\u00a0\u00a0\u00a0\u00a0\u00a0\u00a0 <em><strong>La p\u00e9dagogie invers\u00e9e pour \u00e9duquer au D\u00e9veloppement Durable  <\/strong><\/em>                                                                        Thibault BOISSEAU\u00a0\u00a0\u00a0\u00a0\u00a0\u00a0\u00a0\u00a0 <em><strong>Les modalit\u00e9s d\u00e9mocratiques\u00a0: influences dans la construction d\u2019une identit\u00e9 \u00e9cocitoyenne\u00a0?<\/strong><\/em><\/p>\n\n\n\n<p><strong>Webinaire 4 du S\u00e9minaire 1 du\nR\u00e9UniFEDD&nbsp;:<\/strong><\/p>\n\n\n\n<p>Jean Duchesne\u00a0\u00a0\u00a0\u00a0 Esprit critique et changements de comportements<\/p>\n\n\n\n<figure class=\"wp-block-embed-youtube wp-block-embed is-type-video is-provider-youtube wp-embed-aspect-16-9 wp-has-aspect-ratio\"><div class=\"wp-block-embed__wrapper\">\n<iframe loading=\"lazy\" title=\"Jean Duchesne Webinaire 4 R\u00e9UniFEDD\" width=\"640\" height=\"360\" src=\"https:\/\/www.youtube.com\/embed\/CjVmJClRhHs?feature=oembed\" frameborder=\"0\" allow=\"accelerometer; autoplay; clipboard-write; encrypted-media; gyroscope; picture-in-picture; web-share\" referrerpolicy=\"strict-origin-when-cross-origin\" allowfullscreen><\/iframe>\n<\/div><\/figure>\n\n\n\n<p>Quentin\nVedrenne&nbsp;&nbsp;&nbsp;&nbsp;&nbsp;&nbsp;&nbsp;&nbsp;&nbsp;&nbsp;&nbsp;&nbsp;&nbsp;&nbsp;&nbsp;&nbsp;&nbsp; P\u00e9dagogie\ninvers\u00e9e et \u00e9ducation au d\u00e9veloppement durable<\/p>\n\n\n\n<figure class=\"wp-block-embed-youtube wp-block-embed is-type-video is-provider-youtube wp-embed-aspect-16-9 wp-has-aspect-ratio\"><div class=\"wp-block-embed__wrapper\">\n<iframe loading=\"lazy\" title=\"Quentin Vedrenne Webinaire 4 R\u00e9UniFEDD\" width=\"640\" height=\"360\" src=\"https:\/\/www.youtube.com\/embed\/yTIqftaDvTY?feature=oembed\" frameborder=\"0\" allow=\"accelerometer; autoplay; clipboard-write; encrypted-media; gyroscope; picture-in-picture; web-share\" referrerpolicy=\"strict-origin-when-cross-origin\" allowfullscreen><\/iframe>\n<\/div><\/figure>\n\n\n\n<p>Thibault\nBoisseau&nbsp;&nbsp;&nbsp;&nbsp;&nbsp;&nbsp;&nbsp;&nbsp;&nbsp;&nbsp;&nbsp;&nbsp;&nbsp;&nbsp;&nbsp;&nbsp;&nbsp;&nbsp; Modalit\u00e9s\nd\u00e9mocratiques et identit\u00e9 \u00e9cocitoyenne dans un coll\u00e8ge.<\/p>\n\n\n\n<figure class=\"wp-block-embed-youtube wp-block-embed is-type-video is-provider-youtube wp-embed-aspect-16-9 wp-has-aspect-ratio\"><div class=\"wp-block-embed__wrapper\">\n<iframe loading=\"lazy\" title=\"Thibault Boisseau Webinaire 4 R\u00e9UniFEDD\" width=\"640\" height=\"360\" src=\"https:\/\/www.youtube.com\/embed\/dThU08410NQ?feature=oembed\" frameborder=\"0\" allow=\"accelerometer; autoplay; clipboard-write; encrypted-media; gyroscope; picture-in-picture; web-share\" referrerpolicy=\"strict-origin-when-cross-origin\" allowfullscreen><\/iframe>\n<\/div><\/figure>\n\n\n\n<p><\/p>\n\n\n\n<p><\/p>\n<\/div><\/div>\n\n\n\n<p class=\"has-background has-luminous-vivid-amber-background-color\">Le prochain s\u00e9minaire (th\u00e8me et organisation sera annonc\u00e9 \u00e0 la mi  Juin 2020). Vous pouvez faire des propositions&#8230;.Outils de formation&#8230;.Entr\u00e9es biodiversit\u00e9 et changements climatiques&#8230;&#8230;.A VOUS DE PROPOSER&#8230;. La formule va probablement changer avec des vid\u00e9os + documents mis en lignes en amont donc imp\u00e9rativement consult\u00e9s avant la partie s\u00e9minaire d&rsquo;\u00e9change qui pourra ne durer qu&rsquo;une heure&#8230;.et ne plus correspondre qu&rsquo;aux \u00e9changes&#8230; A SUIVRE&#8230;.probablement le prochain s\u00e9minaire portera sur les outils FECODD et le suivant ou en parall\u00e8le sur les questions d&rsquo;\u00e9ducation \u00e0 la transition socio ecologique en pr\u00e9sentant diff\u00e9rents points de vue&#8230;&#8230;<\/p>\n\n\n\n<p><\/p>\n","protected":false},"excerpt":{"rendered":"<p>Ce s\u00e9minaire est constitu\u00e9 de 4 Webinaires. Dans cette p\u00e9riode de confinement et pour les suivants, comme il est difficile de pourvoir se procurer les ouvrages pr\u00e9sent\u00e9s, nous d\u00e9poserons des documents pr\u00e9paratoires, r\u00e9sum\u00e9s ou autres en amont de chaque Webinaire. Pendant et \u00e0 l&rsquo;issu de ce 1er s\u00e9minaire, nous d\u00e9finirons les modalit\u00e9s et th\u00e9matiques des s\u00e9minaires suivants, puisque l\u00e0, nous sommes sur \u00ab\u00a0quelque chose\u00a0\u00bb qui est interm\u00e9diaire entre des cours (puisque qu&rsquo;il est difficile de parler de quelque chose qu&rsquo;on&#8230;<\/p>\n<p class=\"read-more\"><a class=\"btn btn-default\" href=\"https:\/\/reunifedd.fr\/index.php\/projets-de-lassociation\/1er-seminaire-reunifedd\/\">Lire la suite<span class=\"screen-reader-text\"> Lire la suite<\/span><\/a><\/p>\n","protected":false},"author":1,"featured_media":448,"parent":14,"menu_order":0,"comment_status":"closed","ping_status":"closed","template":"","meta":{"footnotes":""},"class_list":["post-364","page","type-page","status-publish","has-post-thumbnail","hentry"],"_links":{"self":[{"href":"https:\/\/reunifedd.fr\/index.php\/wp-json\/wp\/v2\/pages\/364","targetHints":{"allow":["GET"]}}],"collection":[{"href":"https:\/\/reunifedd.fr\/index.php\/wp-json\/wp\/v2\/pages"}],"about":[{"href":"https:\/\/reunifedd.fr\/index.php\/wp-json\/wp\/v2\/types\/page"}],"author":[{"embeddable":true,"href":"https:\/\/reunifedd.fr\/index.php\/wp-json\/wp\/v2\/users\/1"}],"replies":[{"embeddable":true,"href":"https:\/\/reunifedd.fr\/index.php\/wp-json\/wp\/v2\/comments?post=364"}],"version-history":[{"count":28,"href":"https:\/\/reunifedd.fr\/index.php\/wp-json\/wp\/v2\/pages\/364\/revisions"}],"predecessor-version":[{"id":447,"href":"https:\/\/reunifedd.fr\/index.php\/wp-json\/wp\/v2\/pages\/364\/revisions\/447"}],"up":[{"embeddable":true,"href":"https:\/\/reunifedd.fr\/index.php\/wp-json\/wp\/v2\/pages\/14"}],"wp:featuredmedia":[{"embeddable":true,"href":"https:\/\/reunifedd.fr\/index.php\/wp-json\/wp\/v2\/media\/448"}],"wp:attachment":[{"href":"https:\/\/reunifedd.fr\/index.php\/wp-json\/wp\/v2\/media?parent=364"}],"curies":[{"name":"wp","href":"https:\/\/api.w.org\/{rel}","templated":true}]}}

1er séminaire RéUniFEDD.

<p>Ce séminaire est constitué de 4 Webinaires. Dans cette période de confinement et pour les suivants, comme il est difficile de pourvoir se procurer les ouvrages présentés, nous déposerons des documents préparatoires, résumés ou autres en amont de chaque Webinaire. </p>



<p><em>Pendant et à l&rsquo;issu de ce 1er séminaire, nous définirons les modalités et thématiques des séminaires suivants, puisque là, nous sommes sur « quelque chose » qui est intermédiaire entre des cours (puisque qu&rsquo;il est difficile de parler de quelque chose qu&rsquo;on ne connait pas), des échanges et la partie séminaire proprement dite. Nous n&rsquo;avons pas non plus plus défini s&rsquo;il s&rsquo;agissait d&rsquo;un séminaire de formation ou de recherche, destiné à tous les publics ou à un public plus averti. A priori, même si les concepts sont un peu pointus, nous essayons de les rendre accessibles à tous. Après chaque Webinaire vous êtes invité(e)s à envoyer vos commentaires qui seront mis en ligne ou à utiliser le forum public qui est sur ce site pour échanger.</em></p>



<p class="has-background has-pale-cyan-blue-background-color">Webinaire 1 . Présentation du livre de Georges Marshall Le syndrome de l&rsquo;autruche. Pourquoi notre cerveau veut ignorer la changement climatique LIEN VERS LA VIDÉO .<a href="https://youtu.be/3efT6TECluE">https://youtu.be/3efT6TECluE</a></p>



<div class="wp-block-file"><a href="http://reunifedd.fr/wp-content/uploads/2020/04/RESUME-DU-LIVRE-de-GEORGES-MARSHALL.pdf">RÉSUME DU LIVRE de GEORGES MARSHALL</a><a href="http://reunifedd.fr/wp-content/uploads/2020/04/RESUME-DU-LIVRE-de-GEORGES-MARSHALL.pdf" class="wp-block-file__button" download>Télécharger</a></div>



<div class="wp-block-file"><a href="http://reunifedd.fr/wp-content/uploads/2020/05/SYNDROME-DE-L’AUTRUCHE-Georges-Marshall-exposé-Didier-Mulnet.pdf">Exposé Didier Mulnet, fichier de présentation</a><a href="http://reunifedd.fr/wp-content/uploads/2020/05/SYNDROME-DE-L’AUTRUCHE-Georges-Marshall-exposé-Didier-Mulnet.pdf" class="wp-block-file__button" download>Télécharger</a></div>



<div class="wp-block-file"><a href="http://reunifedd.fr/wp-content/uploads/2020/05/Retour-de-Francine-Depras-sur-le-1er-Webinaire.pdf"><em>Retour de Francine Depras sur le 1er Webinaire</em></a><a href="http://reunifedd.fr/wp-content/uploads/2020/05/Retour-de-Francine-Depras-sur-le-1er-Webinaire.pdf" class="wp-block-file__button" download>Télécharger</a></div>



<p class="has-background has-pale-cyan-blue-background-color"><strong>Webinaire 2: </strong> MARDI 5 MAI 17h 18h30 Liens entre le cerveau et nos façons d’aborder le développement durable . Fonctionnement cérébral , biais cognitifs et « destruction de la planète » à partir des ouvrages de :<br> Albert Moukheiber Votre cerveau vous joue de tours<br> Sébastien Bohler Le bug humain. Pourquoi notre cerveau nous pousse à détruire la planète&#8230;.. Les documents préparatoires ont été basculés dans l&rsquo;espace adhérent. Vous trouverez ci dessous &#8230;</p>



<div class="wp-block-file"><a href="http://reunifedd.fr/wp-content/uploads/2020/05/Webinaire-2-Cerveau-Bug-humain-exposé-Didier-Mulnet-5-mai-2020-3.pdf">Webinaire 2 Cerveau + Bug humain (exposé Didier Mulnet) 5 mai 2020</a><a href="http://reunifedd.fr/wp-content/uploads/2020/05/Webinaire-2-Cerveau-Bug-humain-exposé-Didier-Mulnet-5-mai-2020-3.pdf" class="wp-block-file__button" download>Télécharger</a></div>



<figure class="wp-block-embed-youtube wp-block-embed is-type-video is-provider-youtube wp-embed-aspect-16-9 wp-has-aspect-ratio"><div class="wp-block-embed__wrapper">
<iframe loading="lazy" title="Webinaire2 RéUniFEDD" width="640" height="360" src="https://www.youtube.com/embed/ZBq1ThXDup0?feature=oembed" frameborder="0" allow="accelerometer; autoplay; clipboard-write; encrypted-media; gyroscope; picture-in-picture; web-share" referrerpolicy="strict-origin-when-cross-origin" allowfullscreen></iframe>
</div></figure>



<p class="has-background has-pale-cyan-blue-background-color"><strong>Webinaire 3&nbsp;: Décisions absurdes et penser clairement certaines questions de développement</strong> durable.  C Morel Les décisions absurdes et  Hans Rosling Penser clairement, ça s&rsquo;apprend!  Animation&nbsp;: Didier Mulnet Le JEUDI 14 MAI 17h 18h30 </p>



<div class="wp-block-group has-pale-cyan-blue-background-color has-background"><div class="wp-block-group__inner-container is-layout-flow wp-block-group-is-layout-flow">
<div class="wp-block-group"><div class="wp-block-group__inner-container is-layout-flow wp-block-group-is-layout-flow">
<div class="wp-block-file"><a href="http://reunifedd.fr/wp-content/uploads/2020/05/Factfullness-Décisions-absurdes-webinaire-3-exposé-Didier-Mulnet.pdf">Pour télécharger la présentation de l&rsquo;exposé Factfullness Décisions absurdes ( webinaire 3 exposé Didier Mulnet)</a><a href="http://reunifedd.fr/wp-content/uploads/2020/05/Factfullness-Décisions-absurdes-webinaire-3-exposé-Didier-Mulnet.pdf" class="wp-block-file__button" download>Télécharger</a></div>
</div></div>
</div></div>



<p>Pour suivre la vidéo cliquez sur <a href="https://youtu.be/0Uo6GVpnma8">https://youtu.be/0Uo6GVpnma8</a>  A l&rsquo;issue de ce Webinaire 3 du 14 Mai, les documents  ont reversés dans la partie adhérents RéUniFEDD.</p>



<div class="wp-block-group"><div class="wp-block-group__inner-container is-layout-flow wp-block-group-is-layout-flow">
<p class="has-background has-pale-cyan-blue-background-color">Pour suivre le <strong>Webinaire 4 « Place aux jeunes ».</strong>&#8230;                                                                                                   Jean DUCHESNE               <em><strong>En quoi l’éducation à l’esprit critique favorise t’elle les changements de comportement</strong></em>.                                           Quentin VEDRENNE        <em><strong>La pédagogie inversée pour éduquer au Développement Durable  </strong></em>                                                                        Thibault BOISSEAU         <em><strong>Les modalités démocratiques : influences dans la construction d’une identité écocitoyenne ?</strong></em></p>



<p><strong>Webinaire 4 du Séminaire 1 du
RéUniFEDD&nbsp;:</strong></p>



<p>Jean Duchesne     Esprit critique et changements de comportements</p>



<figure class="wp-block-embed-youtube wp-block-embed is-type-video is-provider-youtube wp-embed-aspect-16-9 wp-has-aspect-ratio"><div class="wp-block-embed__wrapper">
<iframe loading="lazy" title="Jean Duchesne Webinaire 4 RéUniFEDD" width="640" height="360" src="https://www.youtube.com/embed/CjVmJClRhHs?feature=oembed" frameborder="0" allow="accelerometer; autoplay; clipboard-write; encrypted-media; gyroscope; picture-in-picture; web-share" referrerpolicy="strict-origin-when-cross-origin" allowfullscreen></iframe>
</div></figure>



<p>Quentin
Vedrenne&nbsp;&nbsp;&nbsp;&nbsp;&nbsp;&nbsp;&nbsp;&nbsp;&nbsp;&nbsp;&nbsp;&nbsp;&nbsp;&nbsp;&nbsp;&nbsp;&nbsp; Pédagogie
inversée et éducation au développement durable</p>



<figure class="wp-block-embed-youtube wp-block-embed is-type-video is-provider-youtube wp-embed-aspect-16-9 wp-has-aspect-ratio"><div class="wp-block-embed__wrapper">
<iframe loading="lazy" title="Quentin Vedrenne Webinaire 4 RéUniFEDD" width="640" height="360" src="https://www.youtube.com/embed/yTIqftaDvTY?feature=oembed" frameborder="0" allow="accelerometer; autoplay; clipboard-write; encrypted-media; gyroscope; picture-in-picture; web-share" referrerpolicy="strict-origin-when-cross-origin" allowfullscreen></iframe>
</div></figure>



<p>Thibault
Boisseau&nbsp;&nbsp;&nbsp;&nbsp;&nbsp;&nbsp;&nbsp;&nbsp;&nbsp;&nbsp;&nbsp;&nbsp;&nbsp;&nbsp;&nbsp;&nbsp;&nbsp;&nbsp; Modalités
démocratiques et identité écocitoyenne dans un collège.</p>



<figure class="wp-block-embed-youtube wp-block-embed is-type-video is-provider-youtube wp-embed-aspect-16-9 wp-has-aspect-ratio"><div class="wp-block-embed__wrapper">
<iframe loading="lazy" title="Thibault Boisseau Webinaire 4 RéUniFEDD" width="640" height="360" src="https://www.youtube.com/embed/dThU08410NQ?feature=oembed" frameborder="0" allow="accelerometer; autoplay; clipboard-write; encrypted-media; gyroscope; picture-in-picture; web-share" referrerpolicy="strict-origin-when-cross-origin" allowfullscreen></iframe>
</div></figure>



<p></p>



<p></p>
</div></div>



<p class="has-background has-luminous-vivid-amber-background-color">Le prochain séminaire (thème et organisation sera annoncé à la mi  Juin 2020). Vous pouvez faire des propositions&#8230;.Outils de formation&#8230;.Entrées biodiversité et changements climatiques&#8230;&#8230;.A VOUS DE PROPOSER&#8230;. La formule va probablement changer avec des vidéos + documents mis en lignes en amont donc impérativement consultés avant la partie séminaire d&rsquo;échange qui pourra ne durer qu&rsquo;une heure&#8230;.et ne plus correspondre qu&rsquo;aux échanges&#8230; A SUIVRE&#8230;.probablement le prochain séminaire portera sur les outils FECODD et le suivant ou en parallèle sur les questions d&rsquo;éducation à la transition socio ecologique en présentant différents points de vue&#8230;&#8230;</p>



<p></p>

<p>Ce séminaire est constitué de 4 Webinaires. Dans cette période de confinement et pour les suivants, comme il est difficile de pourvoir se procurer les ouvrages présentés, nous déposerons des documents préparatoires, résumés ou autres en amont de chaque Webinaire. Pendant et à l&rsquo;issu de ce 1er séminaire, nous définirons les modalités et thématiques des séminaires suivants, puisque là, nous sommes sur « quelque chose » qui est intermédiaire entre des cours (puisque qu&rsquo;il est difficile de parler de quelque chose qu&rsquo;on&#8230;</p>
<p class="read-more"><a class="btn btn-default" href="https://reunifedd.fr/index.php/projets-de-lassociation/1er-seminaire-reunifedd/">Lire la suite<span class="screen-reader-text"> Lire la suite</span></a></p>
