{"id":503,"date":"2020-07-06T15:56:54","date_gmt":"2020-07-06T13:56:54","guid":{"rendered":"http:\/\/reunifedd.fr\/?page_id=503"},"modified":"2020-07-06T17:13:34","modified_gmt":"2020-07-06T15:13:34","slug":"premieres-propositions-du-groupe-de-travail","status":"publish","type":"page","link":"https:\/\/reunifedd.fr\/index.php\/premieres-propositions-du-groupe-de-travail\/","title":{"rendered":"Premi\u00e8res Propositions du groupe de travail."},"content":{"rendered":"\n<p><em>NB Les documents ci dessous sont des documents de travail, non finalis\u00e9s, propos\u00e9s dans une vision collaborative. Si vous les utilisez citez les auteurs et le lien vers le t\u00e9l\u00e9chargement ci dessous. Merci &#8230;<\/em><\/p>\n\n\n\n<p>Travail de Quentin VEDRENNE    descriptif \u00e0 venir&#8230;..<\/p>\n\n\n\n<div class=\"wp-block-file\"><a href=\"http:\/\/reunifedd.fr\/wp-content\/uploads\/2020\/07\/Proposition-OPDD-version-du-6-Juillet-2020-Vedrenne-Q..pdf\">Proposition OPDD, version du 6 Juillet 2020 (Vedrenne Q.)<\/a><a href=\"http:\/\/reunifedd.fr\/wp-content\/uploads\/2020\/07\/Proposition-OPDD-version-du-6-Juillet-2020-Vedrenne-Q..pdf\" class=\"wp-block-file__button\" download>T\u00e9l\u00e9charger<\/a><\/div>\n\n\n\n<p>Travail de Maryse Cadet Mi\u00e8ze et Alain Legardez     descriptif en quelques lignes   et lien vers le fichier \u00e0 t\u00e9l\u00e9charger.<\/p>\n","protected":false},"excerpt":{"rendered":"<p>NB Les documents ci dessous sont des documents de travail, non finalis\u00e9s, propos\u00e9s dans une vision collaborative. Si vous les utilisez citez les auteurs et le lien vers le t\u00e9l\u00e9chargement ci dessous. Merci &#8230; Travail de Quentin VEDRENNE descriptif \u00e0 venir&#8230;.. Travail de Maryse Cadet Mi\u00e8ze et Alain Legardez descriptif en quelques lignes et lien vers le fichier \u00e0 t\u00e9l\u00e9charger.<\/p>\n","protected":false},"author":1,"featured_media":0,"parent":0,"menu_order":0,"comment_status":"closed","ping_status":"closed","template":"","meta":{"footnotes":""},"class_list":["post-503","page","type-page","status-publish","hentry"],"_links":{"self":[{"href":"https:\/\/reunifedd.fr\/index.php\/wp-json\/wp\/v2\/pages\/503","targetHints":{"allow":["GET"]}}],"collection":[{"href":"https:\/\/reunifedd.fr\/index.php\/wp-json\/wp\/v2\/pages"}],"about":[{"href":"https:\/\/reunifedd.fr\/index.php\/wp-json\/wp\/v2\/types\/page"}],"author":[{"embeddable":true,"href":"https:\/\/reunifedd.fr\/index.php\/wp-json\/wp\/v2\/users\/1"}],"replies":[{"embeddable":true,"href":"https:\/\/reunifedd.fr\/index.php\/wp-json\/wp\/v2\/comments?post=503"}],"version-history":[{"count":3,"href":"https:\/\/reunifedd.fr\/index.php\/wp-json\/wp\/v2\/pages\/503\/revisions"}],"predecessor-version":[{"id":509,"href":"https:\/\/reunifedd.fr\/index.php\/wp-json\/wp\/v2\/pages\/503\/revisions\/509"}],"wp:attachment":[{"href":"https:\/\/reunifedd.fr\/index.php\/wp-json\/wp\/v2\/media?parent=503"}],"curies":[{"name":"wp","href":"https:\/\/api.w.org\/{rel}","templated":true}]}}