{"id":546,"date":"2021-01-02T16:58:11","date_gmt":"2021-01-02T15:58:11","guid":{"rendered":"http:\/\/reunifedd.fr\/?page_id=546"},"modified":"2021-03-19T23:56:30","modified_gmt":"2021-03-19T22:56:30","slug":"videos","status":"publish","type":"page","link":"https:\/\/reunifedd.fr\/index.php\/videos\/","title":{"rendered":"Vid\u00e9os"},"content":{"rendered":"\n<div class=\"wp-block-columns is-layout-flex wp-container-core-columns-is-layout-9d6595d7 wp-block-columns-is-layout-flex\">\n<div class=\"wp-block-column is-layout-flow wp-block-column-is-layout-flow\">\n<figure class=\"wp-block-image size-large is-resized\"><a href=\"https:\/\/www.youtube.com\/playlist?list=PLfB9xJsG12hJ_KRnEbZtv6fmiT8xYxiTd\" target=\"_blank\" rel=\"noreferrer noopener\"><img loading=\"lazy\" decoding=\"async\" src=\"http:\/\/reunifedd.fr\/wp-content\/uploads\/2021\/03\/SIDD-1024x576.png\" alt=\"\" class=\"wp-image-923\" width=\"343\" height=\"192\" srcset=\"https:\/\/reunifedd.fr\/wp-content\/uploads\/2021\/03\/SIDD-1024x576.png 1024w, https:\/\/reunifedd.fr\/wp-content\/uploads\/2021\/03\/SIDD-300x169.png 300w, https:\/\/reunifedd.fr\/wp-content\/uploads\/2021\/03\/SIDD-768x432.png 768w, https:\/\/reunifedd.fr\/wp-content\/uploads\/2021\/03\/SIDD-1536x864.png 1536w, https:\/\/reunifedd.fr\/wp-content\/uploads\/2021\/03\/SIDD-480x270.png 480w, https:\/\/reunifedd.fr\/wp-content\/uploads\/2021\/03\/SIDD.png 1920w\" sizes=\"auto, (max-width: 343px) 100vw, 343px\" \/><\/a><\/figure>\n<\/div>\n\n\n\n<div class=\"wp-block-column is-layout-flow wp-block-column-is-layout-flow\">\n<h3 class=\"has-text-align-left wp-block-heading\"><a href=\"https:\/\/www.youtube.com\/playlist?list=PLfB9xJsG12hJ_KRnEbZtv6fmiT8xYxiTd\" target=\"_blank\" rel=\"noreferrer noopener\" aria-label=\"S'initier au DD (opens in a new tab)\">S&rsquo;initier au DD<\/a><\/h3>\n\n\n\n<p>Des formats courts (10 min) pour comprendre les grands concepts du D\u00e9veloppement Durable.<\/p>\n<\/div>\n<\/div>\n\n\n\n<hr class=\"wp-block-separator\"\/>\n\n\n\n<div class=\"wp-block-columns is-layout-flex wp-container-core-columns-is-layout-9d6595d7 wp-block-columns-is-layout-flex\">\n<div class=\"wp-block-column is-layout-flow wp-block-column-is-layout-flow\">\n<figure class=\"wp-block-image size-large is-resized\"><a href=\"https:\/\/www.youtube.com\/playlist?list=PLfB9xJsG12hJ_VA-VM0--cg9QWtyxUKNS\"><img loading=\"lazy\" decoding=\"async\" src=\"http:\/\/reunifedd.fr\/wp-content\/uploads\/2021\/03\/GRand-format-1-1024x576.png\" alt=\"\" class=\"wp-image-921\" width=\"383\" height=\"215\" srcset=\"https:\/\/reunifedd.fr\/wp-content\/uploads\/2021\/03\/GRand-format-1-1024x576.png 1024w, https:\/\/reunifedd.fr\/wp-content\/uploads\/2021\/03\/GRand-format-1-300x169.png 300w, https:\/\/reunifedd.fr\/wp-content\/uploads\/2021\/03\/GRand-format-1-768x432.png 768w, https:\/\/reunifedd.fr\/wp-content\/uploads\/2021\/03\/GRand-format-1-1536x864.png 1536w, https:\/\/reunifedd.fr\/wp-content\/uploads\/2021\/03\/GRand-format-1-480x270.png 480w, https:\/\/reunifedd.fr\/wp-content\/uploads\/2021\/03\/GRand-format-1.png 1920w\" sizes=\"auto, (max-width: 383px) 100vw, 383px\" \/><\/a><\/figure>\n<\/div>\n\n\n\n<div class=\"wp-block-column is-layout-flow wp-block-column-is-layout-flow\">\n<h3 class=\"has-text-align-left wp-block-heading\"><a href=\"https:\/\/www.youtube.com\/playlist?list=PLfB9xJsG12hJ_VA-VM0--cg9QWtyxUKNS\">Grands Formats : des vid\u00e9os pour comprendre<\/a><\/h3>\n\n\n\n<p>Des formats longs pour comprendre en d\u00e9tails certains concepts, ph\u00e9nom\u00e8nes, id\u00e9es cl\u00e9s.. en lien avec le DD.<\/p>\n<\/div>\n<\/div>\n\n\n\n<hr class=\"wp-block-separator\"\/>\n\n\n\n<div class=\"wp-block-columns is-layout-flex wp-container-core-columns-is-layout-9d6595d7 wp-block-columns-is-layout-flex\">\n<div class=\"wp-block-column is-layout-flow wp-block-column-is-layout-flow\">\n<figure class=\"wp-block-image size-large is-resized\"><a href=\"https:\/\/www.youtube.com\/playlist?list=PLfB9xJsG12hIdGimCTQB17jBYLEckvW-A\" target=\"_blank\" rel=\"noreferrer noopener\"><img loading=\"lazy\" decoding=\"async\" src=\"http:\/\/reunifedd.fr\/wp-content\/uploads\/2021\/03\/Cover-S\u00e9minaire-1-1024x576.png\" alt=\"\" class=\"wp-image-925\" width=\"347\" height=\"195\" srcset=\"https:\/\/reunifedd.fr\/wp-content\/uploads\/2021\/03\/Cover-S\u00e9minaire-1-1024x576.png 1024w, https:\/\/reunifedd.fr\/wp-content\/uploads\/2021\/03\/Cover-S\u00e9minaire-1-300x169.png 300w, https:\/\/reunifedd.fr\/wp-content\/uploads\/2021\/03\/Cover-S\u00e9minaire-1-768x432.png 768w, https:\/\/reunifedd.fr\/wp-content\/uploads\/2021\/03\/Cover-S\u00e9minaire-1-1536x864.png 1536w, https:\/\/reunifedd.fr\/wp-content\/uploads\/2021\/03\/Cover-S\u00e9minaire-1-480x270.png 480w, https:\/\/reunifedd.fr\/wp-content\/uploads\/2021\/03\/Cover-S\u00e9minaire-1.png 1920w\" sizes=\"auto, (max-width: 347px) 100vw, 347px\" \/><\/a><\/figure>\n<\/div>\n\n\n\n<div class=\"wp-block-column is-layout-flow wp-block-column-is-layout-flow\">\n<h3 class=\"has-text-align-left wp-block-heading\"><a href=\"https:\/\/www.youtube.com\/playlist?list=PLfB9xJsG12hIdGimCTQB17jBYLEckvW-A\">R\u00e9\u00e9criture p\u00e9dagogique des ODD<\/a><\/h3>\n\n\n\n<p>Vid\u00e9os du 1er s\u00e9minaire FECODD de Janvier 2021, consacr\u00e9 \u00e0 la r\u00e9\u00e9criture p\u00e9dagogique des ODD.<\/p>\n<\/div>\n<\/div>\n\n\n\n<hr class=\"wp-block-separator\"\/>\n\n\n\n<div class=\"wp-block-columns is-layout-flex wp-container-core-columns-is-layout-9d6595d7 wp-block-columns-is-layout-flex\">\n<div class=\"wp-block-column is-layout-flow wp-block-column-is-layout-flow\">\n<figure class=\"wp-block-image size-large is-resized\"><a href=\"https:\/\/www.youtube.com\/playlist?list=PLfB9xJsG12hKenXmKdatDUVodftMPAyIJ\" target=\"_blank\" rel=\"noreferrer noopener\"><img loading=\"lazy\" decoding=\"async\" src=\"http:\/\/reunifedd.fr\/wp-content\/uploads\/2021\/03\/Cover-s\u00e9minaire-2-1024x576.png\" alt=\"\" class=\"wp-image-927\" width=\"375\" height=\"211\" srcset=\"https:\/\/reunifedd.fr\/wp-content\/uploads\/2021\/03\/Cover-s\u00e9minaire-2-1024x576.png 1024w, https:\/\/reunifedd.fr\/wp-content\/uploads\/2021\/03\/Cover-s\u00e9minaire-2-300x169.png 300w, https:\/\/reunifedd.fr\/wp-content\/uploads\/2021\/03\/Cover-s\u00e9minaire-2-768x432.png 768w, https:\/\/reunifedd.fr\/wp-content\/uploads\/2021\/03\/Cover-s\u00e9minaire-2-1536x864.png 1536w, https:\/\/reunifedd.fr\/wp-content\/uploads\/2021\/03\/Cover-s\u00e9minaire-2-480x270.png 480w, https:\/\/reunifedd.fr\/wp-content\/uploads\/2021\/03\/Cover-s\u00e9minaire-2.png 1920w\" sizes=\"auto, (max-width: 375px) 100vw, 375px\" \/><\/a><\/figure>\n<\/div>\n\n\n\n<div class=\"wp-block-column is-layout-flow wp-block-column-is-layout-flow\">\n<h3 class=\"has-text-align-left wp-block-heading\"><a rel=\"noreferrer noopener\" aria-label=\"Former et \u00e9duquer en anthropoc\u00e8ne (opens in a new tab)\" href=\"https:\/\/www.youtube.com\/playlist?list=PLfB9xJsG12hKenXmKdatDUVodftMPAyIJ\" target=\"_blank\">Former et \u00e9duquer en anthropoc\u00e8ne<\/a><\/h3>\n\n\n\n<p>Vid\u00e9os du 2\u00e8me s\u00e9minaire FECODD de Janvier 2021, consacr\u00e9 \u00e0 l&rsquo;\u00e9ducation et \u00e0 la formation au DD en Anthropoc\u00e8ne.<\/p>\n<\/div>\n<\/div>\n\n\n\n<hr class=\"wp-block-separator\"\/>\n\n\n\n<div class=\"wp-block-columns is-layout-flex wp-container-core-columns-is-layout-9d6595d7 wp-block-columns-is-layout-flex\">\n<div class=\"wp-block-column is-layout-flow wp-block-column-is-layout-flow\">\n<figure class=\"wp-block-image size-large is-resized\"><a href=\"https:\/\/www.youtube.com\/playlist?list=PLfB9xJsG12hKN_PMBWijAnDKMiUkXqpsx\" target=\"_blank\" rel=\"noreferrer noopener\"><img loading=\"lazy\" decoding=\"async\" src=\"http:\/\/reunifedd.fr\/wp-content\/uploads\/2021\/03\/S\u00e9minaire-3-1024x576.png\" alt=\"\" class=\"wp-image-928\" width=\"339\" height=\"190\" srcset=\"https:\/\/reunifedd.fr\/wp-content\/uploads\/2021\/03\/S\u00e9minaire-3-1024x576.png 1024w, https:\/\/reunifedd.fr\/wp-content\/uploads\/2021\/03\/S\u00e9minaire-3-300x169.png 300w, https:\/\/reunifedd.fr\/wp-content\/uploads\/2021\/03\/S\u00e9minaire-3-768x432.png 768w, https:\/\/reunifedd.fr\/wp-content\/uploads\/2021\/03\/S\u00e9minaire-3-1536x864.png 1536w, https:\/\/reunifedd.fr\/wp-content\/uploads\/2021\/03\/S\u00e9minaire-3-480x270.png 480w, https:\/\/reunifedd.fr\/wp-content\/uploads\/2021\/03\/S\u00e9minaire-3.png 1920w\" sizes=\"auto, (max-width: 339px) 100vw, 339px\" \/><\/a><\/figure>\n<\/div>\n\n\n\n<div class=\"wp-block-column is-layout-flow wp-block-column-is-layout-flow\">\n<h3 class=\"has-text-align-left wp-block-heading\"><a rel=\"noreferrer noopener\" aria-label=\"Pr\u00e9sentation des &quot;Outils FECODD&quot; (opens in a new tab)\" href=\"https:\/\/www.youtube.com\/playlist?list=PLfB9xJsG12hKN_PMBWijAnDKMiUkXqpsx\" target=\"_blank\">Pr\u00e9sentation des \u00ab\u00a0Outils FECODD\u00a0\u00bb<\/a><\/h3>\n\n\n\n<p>Vid\u00e9os du 3\u00e8me s\u00e9minaire FECODD de Janvier 2021, consacr\u00e9 \u00e0 la pr\u00e9sentation des diff\u00e9rents outils.<\/p>\n<\/div>\n<\/div>\n\n\n\n<hr class=\"wp-block-separator\"\/>\n\n\n\n<div class=\"wp-block-columns is-layout-flex wp-container-core-columns-is-layout-9d6595d7 wp-block-columns-is-layout-flex\">\n<div class=\"wp-block-column is-layout-flow wp-block-column-is-layout-flow\">\n<figure class=\"wp-block-image size-large is-resized\"><a href=\"https:\/\/www.youtube.com\/playlist?list=PLfB9xJsG12hKtw7BFUZQWMlzrmzGulFab\" target=\"_blank\" rel=\"noreferrer noopener\"><img loading=\"lazy\" decoding=\"async\" src=\"http:\/\/reunifedd.fr\/wp-content\/uploads\/2021\/03\/S\u00e9minaire-4-1024x576.png\" alt=\"\" class=\"wp-image-929\" width=\"372\" height=\"209\" srcset=\"https:\/\/reunifedd.fr\/wp-content\/uploads\/2021\/03\/S\u00e9minaire-4-1024x576.png 1024w, https:\/\/reunifedd.fr\/wp-content\/uploads\/2021\/03\/S\u00e9minaire-4-300x169.png 300w, https:\/\/reunifedd.fr\/wp-content\/uploads\/2021\/03\/S\u00e9minaire-4-768x432.png 768w, https:\/\/reunifedd.fr\/wp-content\/uploads\/2021\/03\/S\u00e9minaire-4-1536x864.png 1536w, https:\/\/reunifedd.fr\/wp-content\/uploads\/2021\/03\/S\u00e9minaire-4-480x270.png 480w, https:\/\/reunifedd.fr\/wp-content\/uploads\/2021\/03\/S\u00e9minaire-4.png 1920w\" sizes=\"auto, (max-width: 372px) 100vw, 372px\" \/><\/a><\/figure>\n<\/div>\n\n\n\n<div class=\"wp-block-column is-layout-flow wp-block-column-is-layout-flow\">\n<h3 class=\"has-text-align-left wp-block-heading\"><a rel=\"noreferrer noopener\" aria-label=\"Formation des enseignants (opens in a new tab)\" href=\"https:\/\/www.youtube.com\/playlist?list=PLfB9xJsG12hKtw7BFUZQWMlzrmzGulFab\" target=\"_blank\">Formation des enseignants<\/a><\/h3>\n\n\n\n<p>Vid\u00e9os du 4\u00e8me s\u00e9minaire FECODD de Janvier 2021, consacr\u00e9 \u00e0 la formation des enseignants.<\/p>\n<\/div>\n<\/div>\n\n\n\n<hr class=\"wp-block-separator\"\/>\n\n\n\n<div class=\"wp-block-columns is-layout-flex wp-container-core-columns-is-layout-9d6595d7 wp-block-columns-is-layout-flex\">\n<div class=\"wp-block-column is-layout-flow wp-block-column-is-layout-flow\">\n<figure class=\"wp-block-image size-large is-resized\"><a href=\"https:\/\/www.youtube.com\/playlist?list=PLfB9xJsG12hKjlj0yGZYh_W3e0Hf04wGq\" target=\"_blank\" rel=\"noreferrer noopener\"><img loading=\"lazy\" decoding=\"async\" src=\"http:\/\/reunifedd.fr\/wp-content\/uploads\/2021\/03\/Sans-titre-1024x576.png\" alt=\"\" class=\"wp-image-930\" width=\"324\" height=\"182\" srcset=\"https:\/\/reunifedd.fr\/wp-content\/uploads\/2021\/03\/Sans-titre-1024x576.png 1024w, https:\/\/reunifedd.fr\/wp-content\/uploads\/2021\/03\/Sans-titre-300x169.png 300w, https:\/\/reunifedd.fr\/wp-content\/uploads\/2021\/03\/Sans-titre-768x432.png 768w, https:\/\/reunifedd.fr\/wp-content\/uploads\/2021\/03\/Sans-titre-1536x864.png 1536w, https:\/\/reunifedd.fr\/wp-content\/uploads\/2021\/03\/Sans-titre-480x270.png 480w, https:\/\/reunifedd.fr\/wp-content\/uploads\/2021\/03\/Sans-titre.png 1920w\" sizes=\"auto, (max-width: 324px) 100vw, 324px\" \/><\/a><\/figure>\n<\/div>\n\n\n\n<div class=\"wp-block-column is-layout-flow wp-block-column-is-layout-flow\">\n<h3 class=\"has-text-align-left wp-block-heading\"><a rel=\"noreferrer noopener\" aria-label=\"Formations territoriales (opens in a new tab)\" href=\"https:\/\/www.youtube.com\/playlist?list=PLfB9xJsG12hKjlj0yGZYh_W3e0Hf04wGq\" target=\"_blank\">Formations territoriales<\/a><\/h3>\n\n\n\n<p>Vid\u00e9os du 5\u00e8me s\u00e9minaire FECODD de Janvier 2021, consacr\u00e9 \u00e0 la formation dans les territoires.<\/p>\n<\/div>\n<\/div>\n","protected":false},"excerpt":{"rendered":"<p>S&rsquo;initier au DD Des formats courts (10 min) pour comprendre les grands concepts du D\u00e9veloppement Durable. Grands Formats : des vid\u00e9os pour comprendre Des formats longs pour comprendre en d\u00e9tails certains concepts, ph\u00e9nom\u00e8nes, id\u00e9es cl\u00e9s.. en lien avec le DD. R\u00e9\u00e9criture p\u00e9dagogique des ODD Vid\u00e9os du 1er s\u00e9minaire FECODD de Janvier 2021, consacr\u00e9 \u00e0 la r\u00e9\u00e9criture p\u00e9dagogique des ODD. Former et \u00e9duquer en anthropoc\u00e8ne Vid\u00e9os du 2\u00e8me s\u00e9minaire FECODD de Janvier 2021, consacr\u00e9 \u00e0 l&rsquo;\u00e9ducation et \u00e0 la formation au&#8230;<\/p>\n<p class=\"read-more\"><a class=\"btn btn-default\" href=\"https:\/\/reunifedd.fr\/index.php\/videos\/\">Lire la suite<span class=\"screen-reader-text\"> Lire la suite<\/span><\/a><\/p>\n","protected":false},"author":2,"featured_media":0,"parent":0,"menu_order":0,"comment_status":"closed","ping_status":"closed","template":"","meta":{"footnotes":""},"class_list":["post-546","page","type-page","status-publish","hentry"],"_links":{"self":[{"href":"https:\/\/reunifedd.fr\/index.php\/wp-json\/wp\/v2\/pages\/546","targetHints":{"allow":["GET"]}}],"collection":[{"href":"https:\/\/reunifedd.fr\/index.php\/wp-json\/wp\/v2\/pages"}],"about":[{"href":"https:\/\/reunifedd.fr\/index.php\/wp-json\/wp\/v2\/types\/page"}],"author":[{"embeddable":true,"href":"https:\/\/reunifedd.fr\/index.php\/wp-json\/wp\/v2\/users\/2"}],"replies":[{"embeddable":true,"href":"https:\/\/reunifedd.fr\/index.php\/wp-json\/wp\/v2\/comments?post=546"}],"version-history":[{"count":6,"href":"https:\/\/reunifedd.fr\/index.php\/wp-json\/wp\/v2\/pages\/546\/revisions"}],"predecessor-version":[{"id":934,"href":"https:\/\/reunifedd.fr\/index.php\/wp-json\/wp\/v2\/pages\/546\/revisions\/934"}],"wp:attachment":[{"href":"https:\/\/reunifedd.fr\/index.php\/wp-json\/wp\/v2\/media?parent=546"}],"curies":[{"name":"wp","href":"https:\/\/api.w.org\/{rel}","templated":true}]}}