{"id":616,"date":"2021-01-02T18:18:53","date_gmt":"2021-01-02T17:18:53","guid":{"rendered":"http:\/\/reunifedd.fr\/?page_id=616"},"modified":"2021-04-27T13:16:10","modified_gmt":"2021-04-27T11:16:10","slug":"seminaires-de-presentation-janvier-2021","status":"publish","type":"page","link":"https:\/\/reunifedd.fr\/index.php\/seminaires-de-presentation-janvier-2021\/","title":{"rendered":"S\u00e9minaires de pr\u00e9sentation Janvier 2021"},"content":{"rendered":"\n<p>S\u00e9minaires de pr\u00e9sentation des travaux FECODD de l\u2019ann\u00e9e 2020, ouvert aux autres projets travaillant sur les questions de formation et d\u2019\u00e9ducation au d\u00e9veloppement durable, pr\u00e9sentation des appels \u00e0 projets FECODD qui seront r\u00e9alis\u00e9s entre Janvier et Juin 2021 et des appels \u00e0 communication du colloque FECODD du d\u00e9but Juillet 2021.<\/p>\n\n\n\n<p><em>Consultez les ressources, et acc\u00e9dez aux interventions en cliquant sur les diff\u00e9rents s\u00e9minaires<\/em> :<\/p>\n\n\n\n<p style=\"background-color:#e0a3a3;font-size:30px\" class=\"has-background has-text-align-center\"><strong><a href=\"http:\/\/reunifedd.fr\/index.php\/seminaire-reecriture-pedagogique-des-17-odd\/\">R\u00e9\u00e9criture p\u00e9dagogique des ODD<\/a><\/strong><\/p>\n\n\n\n<p style=\"background-color:#9ae2c7;font-size:30px\" class=\"has-background has-text-align-center\"><strong><a href=\"http:\/\/reunifedd.fr\/index.php\/seminaire-former-et-eduquer-en-anthropocene\/\">Former et \u00e9duquer en anthropoc\u00e8ne<\/a><\/strong><\/p>\n\n\n\n<p style=\"background-color:#a8d8f3;font-size:30px\" class=\"has-background has-text-align-center\"><strong><a href=\"http:\/\/reunifedd.fr\/index.php\/seminaire-de-presentation-des-outils-fecodd\/\">Pr\u00e9sentation des \u00ab\u00a0Outils FECODD\u00a0\u00bb<\/a><\/strong><\/p>\n\n\n\n<p style=\"background-color:#f7eac6;font-size:30px\" class=\"has-background has-text-align-center\"><strong><a href=\"http:\/\/reunifedd.fr\/index.php\/seminaire-formation-des-enseignants\/\">Formation des enseignants<\/a><\/strong><\/p>\n\n\n\n<p style=\"background-color:#e0d1ee;font-size:30px\" class=\"has-background has-text-align-center\"><strong><a href=\"http:\/\/reunifedd.fr\/index.php\/seminaire-formation-territoires\/\">Formation dans les territoires<\/a><\/strong><\/p>\n","protected":false},"excerpt":{"rendered":"<p>S\u00e9minaires de pr\u00e9sentation des travaux FECODD de l\u2019ann\u00e9e 2020, ouvert aux autres projets travaillant sur les questions de formation et d\u2019\u00e9ducation au d\u00e9veloppement durable, pr\u00e9sentation des appels \u00e0 projets FECODD qui seront r\u00e9alis\u00e9s entre Janvier et Juin 2021 et des appels \u00e0 communication du colloque FECODD du d\u00e9but Juillet 2021. Consultez les ressources, et acc\u00e9dez aux interventions en cliquant sur les diff\u00e9rents s\u00e9minaires : R\u00e9\u00e9criture p\u00e9dagogique des ODD Former et \u00e9duquer en anthropoc\u00e8ne Pr\u00e9sentation des \u00ab\u00a0Outils FECODD\u00a0\u00bb Formation des enseignants&#8230;<\/p>\n<p class=\"read-more\"><a class=\"btn btn-default\" href=\"https:\/\/reunifedd.fr\/index.php\/seminaires-de-presentation-janvier-2021\/\">Lire la suite<span class=\"screen-reader-text\"> Lire la suite<\/span><\/a><\/p>\n","protected":false},"author":6,"featured_media":0,"parent":0,"menu_order":0,"comment_status":"closed","ping_status":"closed","template":"","meta":{"footnotes":""},"class_list":["post-616","page","type-page","status-publish","hentry"],"_links":{"self":[{"href":"https:\/\/reunifedd.fr\/index.php\/wp-json\/wp\/v2\/pages\/616","targetHints":{"allow":["GET"]}}],"collection":[{"href":"https:\/\/reunifedd.fr\/index.php\/wp-json\/wp\/v2\/pages"}],"about":[{"href":"https:\/\/reunifedd.fr\/index.php\/wp-json\/wp\/v2\/types\/page"}],"author":[{"embeddable":true,"href":"https:\/\/reunifedd.fr\/index.php\/wp-json\/wp\/v2\/users\/6"}],"replies":[{"embeddable":true,"href":"https:\/\/reunifedd.fr\/index.php\/wp-json\/wp\/v2\/comments?post=616"}],"version-history":[{"count":14,"href":"https:\/\/reunifedd.fr\/index.php\/wp-json\/wp\/v2\/pages\/616\/revisions"}],"predecessor-version":[{"id":1009,"href":"https:\/\/reunifedd.fr\/index.php\/wp-json\/wp\/v2\/pages\/616\/revisions\/1009"}],"wp:attachment":[{"href":"https:\/\/reunifedd.fr\/index.php\/wp-json\/wp\/v2\/media?parent=616"}],"curies":[{"name":"wp","href":"https:\/\/api.w.org\/{rel}","templated":true}]}}