{"id":624,"date":"2021-01-02T18:20:07","date_gmt":"2021-01-02T17:20:07","guid":{"rendered":"http:\/\/reunifedd.fr\/?page_id=624"},"modified":"2021-04-23T14:11:31","modified_gmt":"2021-04-23T12:11:31","slug":"espace-de-communication-sur-projet-en-cours","status":"publish","type":"page","link":"https:\/\/reunifedd.fr\/index.php\/espace-de-communication-sur-projet-en-cours\/","title":{"rendered":"Espace de communication sur projet en cours"},"content":{"rendered":"\n<p>Cet espace est destin\u00e9 \u00e0 recevoir les projets propos\u00e9 par les diff\u00e9rentes personnes ou groupes conduisant ou aillant conduit un projet durant cette ann\u00e9e. En raison des conditions si particuli\u00e8res cette ann\u00e9e,  certains projets pourront avoir \u00e9t\u00e9 mis en \u0153uvre, en totalit\u00e9 ou en partie, d&rsquo;autres n&rsquo;auront pu l&rsquo;\u00eatre&#8230;.et nous devrons bien accepter qu&rsquo;il en soit ainsi. Certains projets peuvent aussi \u00eatre prospectifs c&rsquo;est a dire pour le moment con\u00e7u de fa\u00e7on th\u00e9orique&#8230;.N&rsquo;h\u00e9sitez pas \u00e0 les proposer pour que ces projets puissent continuer \u00e0 vivre&#8230;..Que vous soyez \u00e9tudiants ou enseignants, formateurs ou pilotes de projets de formation ou territoriaux, en France ou dans le monde francophone, n&rsquo;h\u00e9sitez pas mutualiser. Vous conserverez bien sur, la propri\u00e9t\u00e9 intellectuelle de vos projets.<\/p>\n\n\n\n<p class=\"has-text-align-center\">Pourquoi communiquer sur vos projets?<\/p>\n\n\n\n<ul class=\"wp-block-list\"><li>Pour se faire connaitre et donner ainsi une perspective \u00e0 plus long terme pour que vos projets perdurent.<\/li><\/ul>\n\n\n\n<ul class=\"wp-block-list\"><li>pour mutualiser avec d&rsquo;autres travaillant sur des sujets proches et permettre \u00e0 vos projets d&rsquo;\u00e9voluer.<\/li><\/ul>\n\n\n\n<ul class=\"wp-block-list\"><li>Pour b\u00e9n\u00e9ficier du suivi des projets, et les inclure dans la dynamique globale du programme FECODD (lien avec la recherche, les perspectives internationales, la formation et les possibilit\u00e9s de communication en s\u00e9minaires et colloque).<\/li><\/ul>\n\n\n\n<ul class=\"wp-block-list\"><li>Pour b\u00e9n\u00e9ficier si besoin d&rsquo;une petite aide \u00e0 la communication (modes de communication, visuels, production vid\u00e9o ou audio).<\/li><\/ul>\n\n\n\n<p>Les projets d\u00e9pos\u00e9s sur ce site seront toujours valid\u00e9s par le comit\u00e9 de pilotage FECODD et doivent correspondre aux grandes orientations de ce projet (cf \u00ab\u00a0Labellisation des projets\u00a0\u00bb item suivant dans le menu  Projets de Janvier \u00e0 Juillet 2021). Par contre avant leur d\u00e9p\u00f4t une aide individuelle peut vous \u00eatre fournie pour vous permettre d&rsquo;\u00eatre plus conformes aux orientation du programme FECODD et vous proposer quelques conseils ou outils.<\/p>\n\n\n\n<p class=\"has-text-align-center\">Comment soumettre et d\u00e9poser vos projets?<\/p>\n\n\n\n<p>Tout simplement en nous envoyant un mail avec le descriptif de votre projet en quelques pages&#8230;.Echanges &#8230;.renvoi de votre fichier pour une mise en ligne par nos soins.<\/p>\n","protected":false},"excerpt":{"rendered":"<p>Cet espace est destin\u00e9 \u00e0 recevoir les projets propos\u00e9 par les diff\u00e9rentes personnes ou groupes conduisant ou aillant conduit un projet durant cette ann\u00e9e. En raison des conditions si particuli\u00e8res cette ann\u00e9e, certains projets pourront avoir \u00e9t\u00e9 mis en \u0153uvre, en totalit\u00e9 ou en partie, d&rsquo;autres n&rsquo;auront pu l&rsquo;\u00eatre&#8230;.et nous devrons bien accepter qu&rsquo;il en soit ainsi. Certains projets peuvent aussi \u00eatre prospectifs c&rsquo;est a dire pour le moment con\u00e7u de fa\u00e7on th\u00e9orique&#8230;.N&rsquo;h\u00e9sitez pas \u00e0 les proposer pour que ces&#8230;<\/p>\n<p class=\"read-more\"><a class=\"btn btn-default\" href=\"https:\/\/reunifedd.fr\/index.php\/espace-de-communication-sur-projet-en-cours\/\">Lire la suite<span class=\"screen-reader-text\"> Lire la suite<\/span><\/a><\/p>\n","protected":false},"author":2,"featured_media":0,"parent":0,"menu_order":0,"comment_status":"closed","ping_status":"closed","template":"","meta":{"footnotes":""},"class_list":["post-624","page","type-page","status-publish","hentry"],"_links":{"self":[{"href":"https:\/\/reunifedd.fr\/index.php\/wp-json\/wp\/v2\/pages\/624","targetHints":{"allow":["GET"]}}],"collection":[{"href":"https:\/\/reunifedd.fr\/index.php\/wp-json\/wp\/v2\/pages"}],"about":[{"href":"https:\/\/reunifedd.fr\/index.php\/wp-json\/wp\/v2\/types\/page"}],"author":[{"embeddable":true,"href":"https:\/\/reunifedd.fr\/index.php\/wp-json\/wp\/v2\/users\/2"}],"replies":[{"embeddable":true,"href":"https:\/\/reunifedd.fr\/index.php\/wp-json\/wp\/v2\/comments?post=624"}],"version-history":[{"count":6,"href":"https:\/\/reunifedd.fr\/index.php\/wp-json\/wp\/v2\/pages\/624\/revisions"}],"predecessor-version":[{"id":963,"href":"https:\/\/reunifedd.fr\/index.php\/wp-json\/wp\/v2\/pages\/624\/revisions\/963"}],"wp:attachment":[{"href":"https:\/\/reunifedd.fr\/index.php\/wp-json\/wp\/v2\/media?parent=624"}],"curies":[{"name":"wp","href":"https:\/\/api.w.org\/{rel}","templated":true}]}}