{"id":726,"date":"2021-01-15T15:15:22","date_gmt":"2021-01-15T14:15:22","guid":{"rendered":"http:\/\/reunifedd.fr\/?page_id=726"},"modified":"2021-01-19T19:13:51","modified_gmt":"2021-01-19T18:13:51","slug":"seminaire-de-presentation-des-outils-fecodd","status":"publish","type":"page","link":"https:\/\/reunifedd.fr\/index.php\/seminaire-de-presentation-des-outils-fecodd\/","title":{"rendered":"S\u00e9minaire 3 &#8211; Pr\u00e9sentation des Outils FECODD"},"content":{"rendered":"\n<p><\/p>\n\n\n\n<h3 class=\"has-text-align-center wp-block-heading\">Mercredi 20 Janvier 2021 (14h-16h30)<\/h3>\n\n\n\n<figure class=\"wp-block-video\"><video height=\"1080\" style=\"aspect-ratio: 1920 \/ 1080;\" width=\"1920\" autoplay controls loop muted src=\"http:\/\/reunifedd.fr\/wp-content\/uploads\/2021\/01\/FECODD-3.mp4\"><\/video><\/figure>\n\n\n\n<p class=\"has-medium-font-size\"> <strong>La production d\u2019outils de formation efficaces et adapt\u00e9s aux objectifs et comp\u00e9tences en lien avec le d\u00e9veloppement durable, sa formation et son \u00e9ducation.<\/strong><\/p>\n\n\n\n<hr class=\"wp-block-separator\"\/>\n\n\n\n<div class=\"wp-block-file\"><a href=\"http:\/\/reunifedd.fr\/wp-content\/uploads\/2021\/01\/Planning-Webininaire-Outils-FECODD.pdf\">Planning-Webininaire-Outils-FECODD<\/a><a href=\"http:\/\/reunifedd.fr\/wp-content\/uploads\/2021\/01\/Planning-Webininaire-Outils-FECODD.pdf\" class=\"wp-block-file__button\" download>Download<\/a><\/div>\n\n\n\n<p class=\"has-background has-text-align-left has-very-light-gray-background-color\"><strong>Lien Zoom : <\/strong> <strong><a rel=\"noreferrer noopener\" href=\"https:\/\/us02web.zoom.us\/j\/86867761953?pwd=d0pYY2JCMEZWTThQcmp0dFVqek41QT09\" target=\"_blank\">https:\/\/us02web.zoom.us\/j\/86867761953?pwd=d0pYY2JCMEZWTThQcmp0dFVqek41QT09<\/a><\/strong>&nbsp;  <\/p>\n\n\n\n<p><strong>Introduction<\/strong>&nbsp;:&nbsp;&nbsp; Un point de synth\u00e8se sur les s\u00e9minaires \u00ab&nbsp;<strong><em>R\u00e9\u00e9criture p\u00e9dagogique des ODD<\/em><\/strong>&nbsp;\u00bb, &nbsp;\u00ab&nbsp;<strong><em>Former et \u00e9duquer en anthropoc\u00e8ne<\/em><\/strong>&nbsp;\u00bb et leurs apports dans le cadre de la production des outils FECODD.&nbsp;&nbsp;&nbsp;&nbsp;&nbsp;&nbsp;&nbsp;&nbsp;&nbsp;&nbsp;&nbsp;&nbsp;&nbsp;&nbsp;&nbsp;&nbsp; <em>Pr\u00e9sentation collective<\/em><\/p>\n\n\n\n<hr class=\"wp-block-separator\"\/>\n\n\n\n<h4 class=\"wp-block-heading\">Didier Mulnet (Universit\u00e9 Clermont Auvergne, R\u00e9UniFEDD)<\/h4>\n\n\n\n<p> Pr\u00e9sentation de l\u2019outil \u00ab&nbsp;<strong><em>Des m\u00e9tacomp\u00e9tences DD&amp;RS, aux comp\u00e9tences DD jusqu\u2019\u00e0 l\u2019\u00e9valuation d\u2019un niveau de comp\u00e9tences<\/em><\/strong>&nbsp;\u00bb<\/p>\n\n\n\n<div class=\"wp-block-file\"><a href=\"http:\/\/reunifedd.fr\/wp-content\/uploads\/2021\/01\/M\u00e9tacomp\u00e9tences-et-indicateurs-DD-1.pdf\">M\u00e9tacomp\u00e9tences-et-indicateurs-DD-1<\/a><a href=\"http:\/\/reunifedd.fr\/wp-content\/uploads\/2021\/01\/M\u00e9tacomp\u00e9tences-et-indicateurs-DD-1.pdf\" class=\"wp-block-file__button\" download>Download<\/a><\/div>\n\n\n\n<hr class=\"wp-block-separator\"\/>\n\n\n\n<h4 class=\"wp-block-heading\"> Alain Legardez et Maryse Cadet-Miese (Aix-Marseille Universit\u00e9)<\/h4>\n\n\n\n<p>\u00ab\u00a0<strong><em>Proposition d&rsquo;une fiche m\u00e9thodologique FECODD adaptable et transposable pour l&rsquo;utilisation des ODD et des comp\u00e9tences DD&amp;RS<\/em><\/strong>\u00a0\u00bb <\/p>\n\n\n\n<div class=\"wp-block-file\"><a href=\"http:\/\/reunifedd.fr\/wp-content\/uploads\/2021\/01\/Fiche-m\u00e9thodologique-FECODD_-Alain-Legardez-Maryse-Cadet-Miezebis-2-2.pdf\" target=\"_blank\" rel=\"noreferrer noopener\">Fiche-m\u00e9thodologique-FECODD_-Alain-Legardez-Maryse-Cadet-Miezebis-2-2<\/a><a href=\"http:\/\/reunifedd.fr\/wp-content\/uploads\/2021\/01\/Fiche-m\u00e9thodologique-FECODD_-Alain-Legardez-Maryse-Cadet-Miezebis-2-2.pdf\" class=\"wp-block-file__button\" download>Download<\/a><\/div>\n\n\n\n<p>Fiche \u00ab\u00a0<strong><em>Education au D\u00e9veloppement Durable\u00a0\u00bb du \u00ab\u00a0Guide ressource pour&nbsp;un socle commun pour l&rsquo;\u00e9ducation \u00e0 la citoyennet\u00e9<\/em><\/strong>\u00a0\u00bb \u00e9labor\u00e9 dans le cadre du groupe de travail INSPE-AMU et Rectorat d&rsquo;Aix-Marseille&nbsp;&nbsp;&nbsp;&nbsp;&nbsp;&nbsp;&nbsp;&nbsp;&nbsp;&nbsp;&nbsp;&nbsp;&nbsp;&nbsp;&nbsp; (Alain Legardez et Maryse Cadet-Mieze).<\/p>\n\n\n\n<hr class=\"wp-block-separator\"\/>\n\n\n\n<h4 class=\"wp-block-heading\"> Muriel Feinard-Duranceau (Universit\u00e9 Orl\u00e9ans)<\/h4>\n\n\n\n<p> Une exemple d\u2019entr\u00e9e par\u00a0:\u00a0 \u00abODD 3 Sant\u00e9 et Bien Etre\u00a0\u00bb<\/p>\n\n\n\n<div class=\"wp-block-file\"><a href=\"http:\/\/reunifedd.fr\/wp-content\/uploads\/2021\/01\/ESant\u00e9-Outils-Feinard-Duranceau-Janvier2021-FECODD.pdf\">ESant\u00e9-Outils-Feinard-Duranceau-Janvier2021-FECODD<\/a><a href=\"http:\/\/reunifedd.fr\/wp-content\/uploads\/2021\/01\/ESant\u00e9-Outils-Feinard-Duranceau-Janvier2021-FECODD.pdf\" class=\"wp-block-file__button\" download>Download<\/a><\/div>\n\n\n\n<div class=\"wp-block-file\"><a href=\"http:\/\/reunifedd.fr\/wp-content\/uploads\/2021\/01\/LivrableEducSant\u00e9ODDOctobre2019.pdf\">LivrableEducSant\u00e9ODDOctobre2019<\/a><a href=\"http:\/\/reunifedd.fr\/wp-content\/uploads\/2021\/01\/LivrableEducSant\u00e9ODDOctobre2019.pdf\" class=\"wp-block-file__button\" download>Download<\/a><\/div>\n\n\n\n<hr class=\"wp-block-separator\"\/>\n\n\n\n<h4 class=\"wp-block-heading\">Rachel Sampson (Acad\u00e9mie d&rsquo;Orl\u00e9ans Tours)<\/h4>\n\n\n\n<p> Un exemple d\u2019entr\u00e9e disciplinaire&nbsp;: \u00ab&nbsp;<strong><em>Contribution du fran\u00e7ais \u00e0 l&rsquo;EDD en vue des ODD et des comp\u00e9tences DD&amp;RS en fili\u00e8re BTS<\/em><\/strong>&nbsp;\u00bb<\/p>\n\n\n\n<hr class=\"wp-block-separator\"\/>\n\n\n\n<h4 class=\"wp-block-heading\">Quentin Vedrenne (Acad\u00e9mie de Cr\u00e9teil)<\/h4>\n\n\n\n<p>Outil pour les professeurs du 2nd degr\u00e9 : <strong><em>100 objectifs d&rsquo;apprentissage en vue d&rsquo;une \u00e9ducation pour un d\u00e9veloppement durable<\/em><\/strong>.<\/p>\n\n\n\n<div class=\"wp-block-file\"><a href=\"http:\/\/reunifedd.fr\/wp-content\/uploads\/2021\/01\/Livret-100-OPDD-VEDRENNE-Q.-16.01.21-1.pdf\" target=\"_blank\" rel=\"noreferrer noopener\">Livret-100-OPDD-VEDRENNE-Q.-16.01.21-1<\/a><a href=\"http:\/\/reunifedd.fr\/wp-content\/uploads\/2021\/01\/Livret-100-OPDD-VEDRENNE-Q.-16.01.21-1.pdf\" class=\"wp-block-file__button\" download>Download<\/a><\/div>\n\n\n\n<p>Vid\u00e9o pr\u00e9sentation : <a href=\"https:\/\/www.loom.com\/share\/65c054f72d08459b8883ac6c45c1e1ce\">https:\/\/www.loom.com\/share\/65c054f72d08459b8883ac6c45c1e1ce<\/a> <\/p>\n\n\n\n<hr class=\"wp-block-separator\"\/>\n\n\n\n<h4 class=\"wp-block-heading\">Didier Mulnet (UCA, R\u00e9UniFEDD)<\/h4>\n\n\n\n<p> Pr\u00e9sentation du programme \u00ab&nbsp;Des outils pour agir&nbsp;\u00bb  <\/p>\n\n\n\n<hr class=\"wp-block-separator\"\/>\n\n\n\n<h3 class=\"wp-block-heading\">Int\u00e9gration d\u2019outils existants dans le FECODD&nbsp;:&nbsp;&nbsp;&nbsp;&nbsp;&nbsp;&nbsp;&nbsp;&nbsp;&nbsp;&nbsp;&nbsp;&nbsp;&nbsp; <\/h3>\n\n\n\n<h4 class=\"wp-block-heading\">Fabien Thoumire (Universit\u00e9 de Rouen)<\/h4>\n\n\n\n<p>Pr\u00e9sentation et discussion de l\u2019outil \u00ab&nbsp;<strong><em>Fresque du climat<\/em><\/strong>&nbsp;\u00bb&nbsp;&nbsp;&nbsp;&nbsp;&nbsp;&nbsp;&nbsp; &nbsp;<\/p>\n\n\n\n<div class=\"wp-block-file\"><a href=\"http:\/\/reunifedd.fr\/wp-content\/uploads\/2021\/01\/Fresque-du-Climat-Presentation-FECODD.pptx\" target=\"_blank\" rel=\"noreferrer noopener\">Fresque-du-Climat-Presentation-FECODD<\/a><a href=\"http:\/\/reunifedd.fr\/wp-content\/uploads\/2021\/01\/Fresque-du-Climat-Presentation-FECODD.pptx\" class=\"wp-block-file__button\" download>Download<\/a><\/div>\n\n\n\n<hr class=\"wp-block-separator\"\/>\n\n\n\n<h4 class=\"wp-block-heading\">Jean Stajnic (Rectorat Aix-Marseille)<\/h4>\n\n\n\n<p>Pr\u00e9sentation et discussion de l\u2019outil \u00ab&nbsp;<strong><em>COP<\/em><\/strong>&nbsp;\u00bb<\/p>\n\n\n\n<hr class=\"wp-block-separator\"\/>\n\n\n\n<p>SYNTHESE &nbsp;&nbsp;&nbsp;&nbsp;&nbsp;&nbsp;&nbsp;&nbsp;&nbsp;&nbsp;&nbsp;&nbsp;&nbsp;&nbsp;&nbsp;&nbsp;&nbsp;&nbsp;&nbsp;&nbsp;&nbsp;&nbsp;&nbsp; 10 minutes (fin du s\u00e9minaire \u00e0 16h30)<\/p>\n\n\n\n<p><em>NB&nbsp;: Les interventions sont tr\u00e8s majoritairement pr\u00e9vues pour durer une dizaine de minutes de fa\u00e7on \u00e0 laisser un temps suffisant pour les \u00e9changes. Les intervenants n\u2019auront le temps que de vous pr\u00e9senter une partie des informations. Vous trouverez sur le site indiqu\u00e9 ci-dessus les informations plus compl\u00e8tes. Le planning ci-dessus est susceptible d\u2019\u00e9voluer\u2026..<\/em><\/p>\n","protected":false},"excerpt":{"rendered":"<p>Mercredi 20 Janvier 2021 (14h-16h30) La production d\u2019outils de formation efficaces et adapt\u00e9s aux objectifs et comp\u00e9tences en lien avec le d\u00e9veloppement durable, sa formation et son \u00e9ducation. Lien Zoom : https:\/\/us02web.zoom.us\/j\/86867761953?pwd=d0pYY2JCMEZWTThQcmp0dFVqek41QT09&nbsp; Introduction&nbsp;:&nbsp;&nbsp; Un point de synth\u00e8se sur les s\u00e9minaires \u00ab&nbsp;R\u00e9\u00e9criture p\u00e9dagogique des ODD&nbsp;\u00bb, &nbsp;\u00ab&nbsp;Former et \u00e9duquer en anthropoc\u00e8ne&nbsp;\u00bb et leurs apports dans le cadre de la production des outils FECODD.&nbsp;&nbsp;&nbsp;&nbsp;&nbsp;&nbsp;&nbsp;&nbsp;&nbsp;&nbsp;&nbsp;&nbsp;&nbsp;&nbsp;&nbsp;&nbsp; Pr\u00e9sentation collective Didier Mulnet (Universit\u00e9 Clermont Auvergne, R\u00e9UniFEDD) Pr\u00e9sentation de l\u2019outil \u00ab&nbsp;Des m\u00e9tacomp\u00e9tences DD&amp;RS, aux comp\u00e9tences DD jusqu\u2019\u00e0 l\u2019\u00e9valuation&#8230;<\/p>\n<p class=\"read-more\"><a class=\"btn btn-default\" href=\"https:\/\/reunifedd.fr\/index.php\/seminaire-de-presentation-des-outils-fecodd\/\">Lire la suite<span class=\"screen-reader-text\"> Lire la suite<\/span><\/a><\/p>\n","protected":false},"author":1,"featured_media":0,"parent":0,"menu_order":0,"comment_status":"closed","ping_status":"closed","template":"","meta":{"footnotes":""},"class_list":["post-726","page","type-page","status-publish","hentry"],"_links":{"self":[{"href":"https:\/\/reunifedd.fr\/index.php\/wp-json\/wp\/v2\/pages\/726","targetHints":{"allow":["GET"]}}],"collection":[{"href":"https:\/\/reunifedd.fr\/index.php\/wp-json\/wp\/v2\/pages"}],"about":[{"href":"https:\/\/reunifedd.fr\/index.php\/wp-json\/wp\/v2\/types\/page"}],"author":[{"embeddable":true,"href":"https:\/\/reunifedd.fr\/index.php\/wp-json\/wp\/v2\/users\/1"}],"replies":[{"embeddable":true,"href":"https:\/\/reunifedd.fr\/index.php\/wp-json\/wp\/v2\/comments?post=726"}],"version-history":[{"count":15,"href":"https:\/\/reunifedd.fr\/index.php\/wp-json\/wp\/v2\/pages\/726\/revisions"}],"predecessor-version":[{"id":802,"href":"https:\/\/reunifedd.fr\/index.php\/wp-json\/wp\/v2\/pages\/726\/revisions\/802"}],"wp:attachment":[{"href":"https:\/\/reunifedd.fr\/index.php\/wp-json\/wp\/v2\/media?parent=726"}],"curies":[{"name":"wp","href":"https:\/\/api.w.org\/{rel}","templated":true}]}}