{"id":731,"date":"2021-01-15T15:24:25","date_gmt":"2021-01-15T14:24:25","guid":{"rendered":"http:\/\/reunifedd.fr\/?page_id=731"},"modified":"2021-01-21T21:30:08","modified_gmt":"2021-01-21T20:30:08","slug":"seminaire-formation-des-enseignants","status":"publish","type":"page","link":"https:\/\/reunifedd.fr\/index.php\/seminaire-formation-des-enseignants\/","title":{"rendered":"S\u00e9minaire 4 &#8211; Formation des enseignants"},"content":{"rendered":"\n<h3 class=\"has-text-align-center wp-block-heading\">Mercredi 20 Janvier 2021 (17h-19h)<\/h3>\n\n\n\n<figure class=\"wp-block-video\"><video height=\"1080\" style=\"aspect-ratio: 1920 \/ 1080;\" width=\"1920\" autoplay controls loop muted preload=\"auto\" src=\"http:\/\/reunifedd.fr\/wp-content\/uploads\/2021\/01\/FECODD4.webm\"><\/video><\/figure>\n\n\n\n<p>Ce s\u00e9minaire fait suite \u00e0 celui sur les outils de formation FECODD avec leur int\u00e9gration dans des sc\u00e9narios, modules et cursus de formation des enseignants ou de suivi de projets territoriaux. Ce s\u00e9minaire sera lui centr\u00e9 sur le \u00ab\u00a0comment mettre en \u0153uvre ces outils, sc\u00e9narios, modules dans le cadre des Enseignements dans le sup\u00e9rieur ?\u00a0\u00bb <\/p>\n\n\n\n<p class=\"has-background has-text-align-left has-very-light-gray-background-color\"><strong>Lien Zoom<\/strong> :  <strong><a rel=\"noreferrer noopener\" href=\"https:\/\/us02web.zoom.us\/j\/87409456021?pwd=L004dU9oN25HdDVIajUwa3ZMK3kyUT09\" target=\"_blank\">https:\/\/us02web.zoom.us\/j\/87409456021?pwd=L004dU9oN25HdDVIajUwa3ZMK3kyUT09<\/a><\/strong>&nbsp; <\/p>\n\n\n\n<hr class=\"wp-block-separator\"\/>\n\n\n\n<div class=\"wp-block-file\"><a href=\"http:\/\/reunifedd.fr\/wp-content\/uploads\/2021\/01\/Planning-Webinaire-DD-et-formations-dans-lenseignement-sup\u00e9rieur.pdf\">Planning-Webinaire-DD-et-formations-dans-lenseignement-sup\u00e9rieur<\/a><a href=\"http:\/\/reunifedd.fr\/wp-content\/uploads\/2021\/01\/Planning-Webinaire-DD-et-formations-dans-lenseignement-sup\u00e9rieur.pdf\" class=\"wp-block-file__button\" download>Download<\/a><\/div>\n\n\n\n<hr class=\"wp-block-separator\"\/>\n\n\n\n<h2 class=\"wp-block-heading\">Int\u00e9grer le DD et la transition dans les Formations :<\/h2>\n\n\n\n<h4 class=\"wp-block-heading\">Muriel Feinard-Duranceau, Didier Mulnet et Denis Dessagne<\/h4>\n\n\n\n<div class=\"wp-block-file\"><a href=\"http:\/\/reunifedd.fr\/wp-content\/uploads\/2021\/01\/DD-et-Master1erdegr\u00e9-MFD-s\u00e9minaire-janv2021-FECODD.pdf\">DD-et-Master1erdegr\u00e9-MFD-s\u00e9minaire-janv2021-FECODD<\/a><a href=\"http:\/\/reunifedd.fr\/wp-content\/uploads\/2021\/01\/DD-et-Master1erdegr\u00e9-MFD-s\u00e9minaire-janv2021-FECODD.pdf\" class=\"wp-block-file__button\" download>Download<\/a><\/div>\n\n\n\n<hr class=\"wp-block-separator\"\/>\n\n\n\n<h4 class=\"wp-block-heading\">Chlo\u00e9 Nurit et Didier Mulnet<\/h4>\n\n\n\n<p>Exemple de la pr\u00e9sentation d\u2019un module de licence (UCA)<\/p>\n\n\n\n<hr class=\"wp-block-separator\"\/>\n\n\n\n<h4 class=\"wp-block-heading\">Magda Wozniak et Fabien Thoumire<\/h4>\n\n\n\n<p>G\u00e9n\u00e9ralisation de l\u2019enseignement dans les fili\u00e8res de l\u2019enseignement sup\u00e9rieur: exemple de l\u2019universit\u00e9 de Rouen.<\/p>\n\n\n\n<hr class=\"wp-block-separator\"\/>\n\n\n\n<h4 class=\"wp-block-heading\">G\u00e9rald Majou (CGE), Celine Leroy (CPU) et Denis Dessagne<\/h4>\n\n\n\n<p>Les plans DD&amp;RS, des outils pour favoriser l\u2019int\u00e9gration du DD dans le cadre des formations et de la recherche.<\/p>\n\n\n\n<hr class=\"wp-block-separator\"\/>\n\n\n\n<h2 class=\"wp-block-heading\">Liens entre formation et professionnalisation :<\/h2>\n\n\n\n<h4 class=\"wp-block-heading\">F\u00e9licie Drouilleau et Alain Legardez<\/h4>\n\n\n\n<p> Version provisoire des fiches \u00ab\u00a0<em><strong>Education au D\u00e9veloppement Durable<\/strong><\/em>\u00a0\u00bb et \u00ab\u00a0<em><strong>Questions Socialement Vives<\/strong><\/em>\u00a0\u00bb du&nbsp;\u00ab\u00a0<strong>Guide ressource pour&nbsp;un socle commun pour l&rsquo;\u00e9ducation \u00e0 la citoyennet\u00e9<\/strong>\u00a0\u00bb \u00e9labor\u00e9 dans le cadre du groupe de travail INSPE-AMU et&nbsp;Rectorat d&rsquo;Aix-Marseille <\/p>\n\n\n\n<div class=\"wp-block-file\"><a href=\"http:\/\/reunifedd.fr\/wp-content\/uploads\/2021\/01\/Legardez-Aix-Marseille-INSPE-Rectorat-fiches-EDD-QSV2.pdf\" target=\"_blank\" rel=\"noreferrer noopener\">Legardez &#8211; Aix-Marseille INSPE-Rectorat fiches EDD-QSV(2)<\/a><a href=\"http:\/\/reunifedd.fr\/wp-content\/uploads\/2021\/01\/Legardez-Aix-Marseille-INSPE-Rectorat-fiches-EDD-QSV2.pdf\" class=\"wp-block-file__button\" download>Download<\/a><\/div>\n\n\n\n<p>+ <a href=\"https:\/\/magistere.education.fr\/reseau-canope\/course\/view.php?id=821\">https:\/\/magistere.education.fr\/reseau-canope\/course\/view.php?id=821<\/a> <\/p>\n\n\n\n<p>Ouvrage collectif \u00ab\u00a0<strong><em>Travail, formation et \u00e9ducation au temps des transitions \u00e9cologiques<\/em><\/strong>\u00a0\u00bb (F\u00e9licie Drouilleau-Gay et Alain Legardez, dir.).<br>&gt;&gt; <a rel=\"noreferrer noopener\" target=\"_blank\" href=\"https:\/\/www.cereq.fr\/travail-formation-et-education-au-temps-des-transitions-ecologiques\">https:\/\/www.cereq.fr\/travail-formation-et-education-au-temps-des-transitions-ecologiques<\/a> <br>Sommaire ci-dessous :<\/p>\n\n\n\n<div class=\"wp-block-file\"><a href=\"http:\/\/reunifedd.fr\/wp-content\/uploads\/2021\/01\/Sommaire-ouvrage-Drouilleau-Gay-et-Legardez-Octares-2020.pdf\" target=\"_blank\" rel=\"noreferrer noopener\">Sommaire ouvrage Drouilleau-Gay et Legardez Octares 2020<\/a><a href=\"http:\/\/reunifedd.fr\/wp-content\/uploads\/2021\/01\/Sommaire-ouvrage-Drouilleau-Gay-et-Legardez-Octares-2020.pdf\" class=\"wp-block-file__button\" download>Download<\/a><\/div>\n\n\n\n<hr class=\"wp-block-separator\"\/>\n\n\n\n<h4 class=\"wp-block-heading\">Muriel Cordier<\/h4>\n\n\n\n<p>Les programmes internationaux ACTIF de l\u2019AUF<\/p>\n\n\n\n<hr class=\"wp-block-separator\"\/>\n\n\n\n<h2 class=\"wp-block-heading\">Liens entre formation et recherche<\/h2>\n\n\n\n<h4 class=\"wp-block-heading\">Agnieszka Jeziorski<\/h4>\n\n\n\n<p>Des ilots interdisciplinaires de rationalit\u00e9 et d\u00e9veloppement de comp\u00e9tences en lien avec le DD<\/p>\n\n\n\n<hr class=\"wp-block-separator\"\/>\n\n\n\n<h4 class=\"wp-block-heading\">Alain Raphan et Chloe G\u00e9rard (Assembl\u00e9e nationale)<\/h4>\n\n\n\n<p>Intervention \u00e0 distance : Quelles relations entre formation et politique ?<\/p>\n","protected":false},"excerpt":{"rendered":"<p>Mercredi 20 Janvier 2021 (17h-19h) Ce s\u00e9minaire fait suite \u00e0 celui sur les outils de formation FECODD avec leur int\u00e9gration dans des sc\u00e9narios, modules et cursus de formation des enseignants ou de suivi de projets territoriaux. Ce s\u00e9minaire sera lui centr\u00e9 sur le \u00ab\u00a0comment mettre en \u0153uvre ces outils, sc\u00e9narios, modules dans le cadre des Enseignements dans le sup\u00e9rieur ?\u00a0\u00bb Lien Zoom : https:\/\/us02web.zoom.us\/j\/87409456021?pwd=L004dU9oN25HdDVIajUwa3ZMK3kyUT09&nbsp; Int\u00e9grer le DD et la transition dans les Formations : Muriel Feinard-Duranceau, Didier Mulnet et Denis&#8230;<\/p>\n<p class=\"read-more\"><a class=\"btn btn-default\" href=\"https:\/\/reunifedd.fr\/index.php\/seminaire-formation-des-enseignants\/\">Lire la suite<span class=\"screen-reader-text\"> Lire la suite<\/span><\/a><\/p>\n","protected":false},"author":1,"featured_media":0,"parent":0,"menu_order":0,"comment_status":"closed","ping_status":"closed","template":"","meta":{"footnotes":""},"class_list":["post-731","page","type-page","status-publish","hentry"],"_links":{"self":[{"href":"https:\/\/reunifedd.fr\/index.php\/wp-json\/wp\/v2\/pages\/731","targetHints":{"allow":["GET"]}}],"collection":[{"href":"https:\/\/reunifedd.fr\/index.php\/wp-json\/wp\/v2\/pages"}],"about":[{"href":"https:\/\/reunifedd.fr\/index.php\/wp-json\/wp\/v2\/types\/page"}],"author":[{"embeddable":true,"href":"https:\/\/reunifedd.fr\/index.php\/wp-json\/wp\/v2\/users\/1"}],"replies":[{"embeddable":true,"href":"https:\/\/reunifedd.fr\/index.php\/wp-json\/wp\/v2\/comments?post=731"}],"version-history":[{"count":12,"href":"https:\/\/reunifedd.fr\/index.php\/wp-json\/wp\/v2\/pages\/731\/revisions"}],"predecessor-version":[{"id":844,"href":"https:\/\/reunifedd.fr\/index.php\/wp-json\/wp\/v2\/pages\/731\/revisions\/844"}],"wp:attachment":[{"href":"https:\/\/reunifedd.fr\/index.php\/wp-json\/wp\/v2\/media?parent=731"}],"curies":[{"name":"wp","href":"https:\/\/api.w.org\/{rel}","templated":true}]}}

Séminaire 4 &#8211; Formation des enseignants

<h3 class="has-text-align-center wp-block-heading">Mercredi 20 Janvier 2021 (17h-19h)</h3>



<figure class="wp-block-video"><video height="1080" style="aspect-ratio: 1920 / 1080;" width="1920" autoplay controls loop muted preload="auto" src="http://reunifedd.fr/wp-content/uploads/2021/01/FECODD4.webm"></video></figure>



<p>Ce séminaire fait suite à celui sur les outils de formation FECODD avec leur intégration dans des scénarios, modules et cursus de formation des enseignants ou de suivi de projets territoriaux. Ce séminaire sera lui centré sur le « comment mettre en œuvre ces outils, scénarios, modules dans le cadre des Enseignements dans le supérieur ? » </p>



<p class="has-background has-text-align-left has-very-light-gray-background-color"><strong>Lien Zoom</strong> :  <strong><a rel="noreferrer noopener" href="https://us02web.zoom.us/j/87409456021?pwd=L004dU9oN25HdDVIajUwa3ZMK3kyUT09" target="_blank">https://us02web.zoom.us/j/87409456021?pwd=L004dU9oN25HdDVIajUwa3ZMK3kyUT09</a></strong>&nbsp; </p>



<hr class="wp-block-separator"/>



<div class="wp-block-file"><a href="http://reunifedd.fr/wp-content/uploads/2021/01/Planning-Webinaire-DD-et-formations-dans-lenseignement-supérieur.pdf">Planning-Webinaire-DD-et-formations-dans-lenseignement-supérieur</a><a href="http://reunifedd.fr/wp-content/uploads/2021/01/Planning-Webinaire-DD-et-formations-dans-lenseignement-supérieur.pdf" class="wp-block-file__button" download>Download</a></div>



<hr class="wp-block-separator"/>



<h2 class="wp-block-heading">Intégrer le DD et la transition dans les Formations :</h2>



<h4 class="wp-block-heading">Muriel Feinard-Duranceau, Didier Mulnet et Denis Dessagne</h4>



<div class="wp-block-file"><a href="http://reunifedd.fr/wp-content/uploads/2021/01/DD-et-Master1erdegré-MFD-séminaire-janv2021-FECODD.pdf">DD-et-Master1erdegré-MFD-séminaire-janv2021-FECODD</a><a href="http://reunifedd.fr/wp-content/uploads/2021/01/DD-et-Master1erdegré-MFD-séminaire-janv2021-FECODD.pdf" class="wp-block-file__button" download>Download</a></div>



<hr class="wp-block-separator"/>



<h4 class="wp-block-heading">Chloé Nurit et Didier Mulnet</h4>



<p>Exemple de la présentation d’un module de licence (UCA)</p>



<hr class="wp-block-separator"/>



<h4 class="wp-block-heading">Magda Wozniak et Fabien Thoumire</h4>



<p>Généralisation de l’enseignement dans les filières de l’enseignement supérieur: exemple de l’université de Rouen.</p>



<hr class="wp-block-separator"/>



<h4 class="wp-block-heading">Gérald Majou (CGE), Celine Leroy (CPU) et Denis Dessagne</h4>



<p>Les plans DD&amp;RS, des outils pour favoriser l’intégration du DD dans le cadre des formations et de la recherche.</p>



<hr class="wp-block-separator"/>



<h2 class="wp-block-heading">Liens entre formation et professionnalisation :</h2>



<h4 class="wp-block-heading">Félicie Drouilleau et Alain Legardez</h4>



<p> Version provisoire des fiches « <em><strong>Education au Développement Durable</strong></em> » et « <em><strong>Questions Socialement Vives</strong></em> » du&nbsp;« <strong>Guide ressource pour&nbsp;un socle commun pour l&rsquo;éducation à la citoyenneté</strong> » élaboré dans le cadre du groupe de travail INSPE-AMU et&nbsp;Rectorat d&rsquo;Aix-Marseille </p>



<div class="wp-block-file"><a href="http://reunifedd.fr/wp-content/uploads/2021/01/Legardez-Aix-Marseille-INSPE-Rectorat-fiches-EDD-QSV2.pdf" target="_blank" rel="noreferrer noopener">Legardez &#8211; Aix-Marseille INSPE-Rectorat fiches EDD-QSV(2)</a><a href="http://reunifedd.fr/wp-content/uploads/2021/01/Legardez-Aix-Marseille-INSPE-Rectorat-fiches-EDD-QSV2.pdf" class="wp-block-file__button" download>Download</a></div>



<p>+ <a href="https://magistere.education.fr/reseau-canope/course/view.php?id=821">https://magistere.education.fr/reseau-canope/course/view.php?id=821</a> </p>



<p>Ouvrage collectif « <strong><em>Travail, formation et éducation au temps des transitions écologiques</em></strong> » (Félicie Drouilleau-Gay et Alain Legardez, dir.).<br>&gt;&gt; <a rel="noreferrer noopener" target="_blank" href="https://www.cereq.fr/travail-formation-et-education-au-temps-des-transitions-ecologiques">https://www.cereq.fr/travail-formation-et-education-au-temps-des-transitions-ecologiques</a> <br>Sommaire ci-dessous :</p>



<div class="wp-block-file"><a href="http://reunifedd.fr/wp-content/uploads/2021/01/Sommaire-ouvrage-Drouilleau-Gay-et-Legardez-Octares-2020.pdf" target="_blank" rel="noreferrer noopener">Sommaire ouvrage Drouilleau-Gay et Legardez Octares 2020</a><a href="http://reunifedd.fr/wp-content/uploads/2021/01/Sommaire-ouvrage-Drouilleau-Gay-et-Legardez-Octares-2020.pdf" class="wp-block-file__button" download>Download</a></div>



<hr class="wp-block-separator"/>



<h4 class="wp-block-heading">Muriel Cordier</h4>



<p>Les programmes internationaux ACTIF de l’AUF</p>



<hr class="wp-block-separator"/>



<h2 class="wp-block-heading">Liens entre formation et recherche</h2>



<h4 class="wp-block-heading">Agnieszka Jeziorski</h4>



<p>Des ilots interdisciplinaires de rationalité et développement de compétences en lien avec le DD</p>



<hr class="wp-block-separator"/>



<h4 class="wp-block-heading">Alain Raphan et Chloe Gérard (Assemblée nationale)</h4>



<p>Intervention à distance : Quelles relations entre formation et politique ?</p>

<p>Mercredi 20 Janvier 2021 (17h-19h) Ce séminaire fait suite à celui sur les outils de formation FECODD avec leur intégration dans des scénarios, modules et cursus de formation des enseignants ou de suivi de projets territoriaux. Ce séminaire sera lui centré sur le « comment mettre en œuvre ces outils, scénarios, modules dans le cadre des Enseignements dans le supérieur ? » Lien Zoom : https://us02web.zoom.us/j/87409456021?pwd=L004dU9oN25HdDVIajUwa3ZMK3kyUT09&nbsp; Intégrer le DD et la transition dans les Formations : Muriel Feinard-Duranceau, Didier Mulnet et Denis&#8230;</p>
<p class="read-more"><a class="btn btn-default" href="https://reunifedd.fr/index.php/seminaire-formation-des-enseignants/">Lire la suite<span class="screen-reader-text"> Lire la suite</span></a></p>
