{"id":783,"date":"2021-01-18T22:26:08","date_gmt":"2021-01-18T21:26:08","guid":{"rendered":"http:\/\/reunifedd.fr\/?page_id=783"},"modified":"2021-01-21T19:31:34","modified_gmt":"2021-01-21T18:31:34","slug":"seminaire-formation-territoires","status":"publish","type":"page","link":"https:\/\/reunifedd.fr\/index.php\/seminaire-formation-territoires\/","title":{"rendered":"S\u00e9minaire 5 &#8211; Formation dans les territoires"},"content":{"rendered":"\n<h3 class=\"has-text-align-center wp-block-heading\">Jeudi 21 Janvier 2021 (17h-19h30)<\/h3>\n\n\n\n<figure class=\"wp-block-video\"><video autoplay controls loop muted src=\"blob:http:\/\/reunifedd.fr\/2528b85f-0c90-4453-8b0e-082f81ffc06d\"><\/video><\/figure>\n\n\n\n<p><\/p>\n\n\n\n<p class=\"has-background has-text-align-left has-very-light-gray-background-color\">Lien Zoom :  <strong><a rel=\"noreferrer noopener\" href=\"https:\/\/us02web.zoom.us\/j\/82332151139?pwd=L1U3d0l6a0pXc0dGZnlkMFRObkczQT09\" target=\"_blank\">https:\/\/us02web.zoom.us\/j\/82332151139?pwd=L1U3d0l6a0pXc0dGZnlkMFRObkczQT09<\/a><\/strong>&nbsp; <\/p>\n\n\n\n<hr class=\"wp-block-separator\"\/>\n\n\n\n<div class=\"wp-block-file\"><a href=\"http:\/\/reunifedd.fr\/wp-content\/uploads\/2021\/01\/Planning-Webinaire-DD-et-formations-et-projet-territoriaux.pdf\">Planning-Webinaire-DD-et-formations-et-projet-territoriaux<\/a><a href=\"http:\/\/reunifedd.fr\/wp-content\/uploads\/2021\/01\/Planning-Webinaire-DD-et-formations-et-projet-territoriaux.pdf\" class=\"wp-block-file__button\" download>Download<\/a><\/div>\n\n\n\n<hr class=\"wp-block-separator\"\/>\n\n\n\n<h4 class=\"wp-block-heading\">Didier Mulnet (Universit\u00e9 Clermont Auvergne, R\u00e9UniFEDD)<\/h4>\n\n\n\n<p>Des m\u00e9tacomp\u00e9tences aux indicateurs de comp\u00e9tences DD, jusqu&rsquo;\u00e0 leur int\u00e9gration dans le cadre des projets et des formations.<\/p>\n\n\n\n<div class=\"wp-block-file\"><a href=\"http:\/\/reunifedd.fr\/wp-content\/uploads\/2021\/01\/M\u00e9tacomp\u00e9tences-et-indicateurs-DD-2.pdf\" target=\"_blank\" rel=\"noreferrer noopener\">M\u00e9tacomp\u00e9tences-et-indicateurs-DD-2<\/a><a href=\"http:\/\/reunifedd.fr\/wp-content\/uploads\/2021\/01\/M\u00e9tacomp\u00e9tences-et-indicateurs-DD-2.pdf\" class=\"wp-block-file__button\" download>Download<\/a><\/div>\n\n\n\n<hr class=\"wp-block-separator\"\/>\n\n\n\n<h4 class=\"wp-block-heading\">C\u00e9line Montero<\/h4>\n\n\n\n<p>Accompagner un territoire \u00e0 l&rsquo;\u00e8re de l&rsquo;anthropoc\u00e8ne quels nouveaux paradigmes&nbsp;? <br>Retour d\u2019exp\u00e9rience d\u2019un cours en Master 2 Economie territoriale.<\/p>\n\n\n\n<hr class=\"wp-block-separator\"\/>\n\n\n\n<h4 class=\"wp-block-heading\"> Evelyne Martin et Fr\u00e9d\u00e9rique P\u00e9pin <\/h4>\n\n\n\n<p>L&rsquo;entrepreneuriat solidaire des ODD sur le territoire.&nbsp;Une alliance des sciences \u00e9ducatives et de la soci\u00e9t\u00e9 active. La \u00a0\u00bbtransdisciplinarit\u00e9\u00a0\u00bb en question pour une soci\u00e9t\u00e9 citoyenne durable. <\/p>\n\n\n\n<div class=\"wp-block-file\"><a href=\"http:\/\/reunifedd.fr\/wp-content\/uploads\/2021\/01\/FP.-EM.-TT-FECODD-LAST.14-21.01.2021.pdf\" target=\"_blank\" rel=\"noreferrer noopener\">FP. EM. T&amp;T &#8211; FECODD -LAST.14 -21.01.2021<\/a><a href=\"http:\/\/reunifedd.fr\/wp-content\/uploads\/2021\/01\/FP.-EM.-TT-FECODD-LAST.14-21.01.2021.pdf\" class=\"wp-block-file__button\" download>Download<\/a><\/div>\n\n\n\n<hr class=\"wp-block-separator\"\/>\n\n\n\n<h4 class=\"wp-block-heading\">Denis Dessagne<\/h4>\n\n\n\n<p> L&rsquo;INSPE, le territoire et l&rsquo;\u00e9ducation-formation aux ODD : entre r\u00e9alisations et perspectives quel mod\u00e8le de pilotage ?<\/p>\n\n\n\n<div class=\"wp-block-file\"><a href=\"http:\/\/reunifedd.fr\/wp-content\/uploads\/2021\/01\/Pr\u00e9sentationWebinaire-territoire-D.Dessagne-2021-1-1.pdf\">Pr\u00e9sentationWebinaire territoire D.Dessagne 2021 (1)<\/a><a href=\"http:\/\/reunifedd.fr\/wp-content\/uploads\/2021\/01\/Pr\u00e9sentationWebinaire-territoire-D.Dessagne-2021-1-1.pdf\" class=\"wp-block-file__button\" download>Download<\/a><\/div>\n\n\n\n<hr class=\"wp-block-separator\"\/>\n\n\n\n<h4 class=\"wp-block-heading\"> Albert&nbsp;Etienne Temkeng <\/h4>\n\n\n\n<p> ODD9 : Sensibilisation, Enseignement et mise en \u0153uvre dans les territoires. Le cas du projet MIECO-DDS-Cameroun.<\/p>\n\n\n\n<p>Intervention en vid\u00e9o disponible ici :  &nbsp;<a rel=\"noreferrer noopener\" target=\"_blank\" href=\"https:\/\/youtu.be\/xy7eInLJOj0\">https:\/\/youtu.be\/xy7eInLJOj0<\/a>&nbsp;&nbsp; <\/p>\n\n\n\n<div class=\"wp-block-file\"><a href=\"http:\/\/reunifedd.fr\/wp-content\/uploads\/2021\/01\/ODD9-SENSIBILISATION-ENSEIGNEMENT-MISE-EN-OEUVRE-DANS-LES-TERRITOIRES.pptx\">ODD9-SENSIBILISATION-ENSEIGNEMENT-MISE-EN-OEUVRE-DANS-LES-TERRITOIRES<\/a><a href=\"http:\/\/reunifedd.fr\/wp-content\/uploads\/2021\/01\/ODD9-SENSIBILISATION-ENSEIGNEMENT-MISE-EN-OEUVRE-DANS-LES-TERRITOIRES.pptx\" class=\"wp-block-file__button\" download>Download<\/a><\/div>\n\n\n\n<hr class=\"wp-block-separator\"\/>\n\n\n\n<h4 class=\"wp-block-heading\"> Jean Marc&nbsp;Lusson<\/h4>\n\n\n\n<p>M\u00e9thode qualitative d&rsquo;observation territoriale de la r\u00e9silience.&nbsp;La Matrice de r\u00e9silience de Linkov. <\/p>\n\n\n\n<div class=\"wp-block-file\"><a href=\"http:\/\/reunifedd.fr\/wp-content\/uploads\/2021\/01\/20210117-M\u00e9thode-dobservation-territoriale-de-la-r\u00e9silience-15mn.pptx\">20210117-M\u00e9thode-dobservation-territoriale-de-la-r\u00e9silience-15mn<\/a><a href=\"http:\/\/reunifedd.fr\/wp-content\/uploads\/2021\/01\/20210117-M\u00e9thode-dobservation-territoriale-de-la-r\u00e9silience-15mn.pptx\" class=\"wp-block-file__button\" download>Download<\/a><\/div>\n\n\n\n<hr class=\"wp-block-separator\"\/>\n\n\n\n<h4 class=\"wp-block-heading\">Dominique Desbois<\/h4>\n\n\n\n<p>Les outils de la statistique publique au service du d\u00e9veloppement durable des territoires. <br>UMR Economie publique \/ INRAE \/ AgroParisTech <\/p>\n\n\n\n<div class=\"wp-block-file\"><a href=\"http:\/\/reunifedd.fr\/wp-content\/uploads\/2021\/01\/s\u00e9minaire_FECODD_20210121_ODD_et_territoires_Desbois_Dominique.pdf\">s\u00e9minaire_FECODD_20210121_ODD_et_territoires_Desbois_Dominique<\/a><a href=\"http:\/\/reunifedd.fr\/wp-content\/uploads\/2021\/01\/s\u00e9minaire_FECODD_20210121_ODD_et_territoires_Desbois_Dominique.pdf\" class=\"wp-block-file__button\" download>Download<\/a><\/div>\n\n\n\n<div class=\"wp-block-file\"><a href=\"http:\/\/reunifedd.fr\/wp-content\/uploads\/2021\/01\/Les-outils-de-la-statistique-publique-au-service-des-terrtoires_Desbois_20210120_bis.docx\">Les-outils-de-la-statistique-publique-au-service-des-terrtoires_Desbois_20210120_bis<\/a><a href=\"http:\/\/reunifedd.fr\/wp-content\/uploads\/2021\/01\/Les-outils-de-la-statistique-publique-au-service-des-terrtoires_Desbois_20210120_bis.docx\" class=\"wp-block-file__button\" download>Download<\/a><\/div>\n\n\n\n<hr class=\"wp-block-separator\"\/>\n\n\n\n<h4 class=\"wp-block-heading\">Rachel Sampson <\/h4>\n\n\n\n<p>Contribution du fran\u00e7ais \u00e0 L\u2019EDD en vue des ODD, pour un entrepreneuriat responsable et une territorialit\u00e9 vive, en fili\u00e8re BTS\/GPME.<\/p>\n\n\n\n<div class=\"wp-block-file\"><a href=\"http:\/\/reunifedd.fr\/wp-content\/uploads\/2021\/01\/VFContribution-du-fran\u00e7ais-\u00e0-L\u2019EDD-en-vue-des.pdf\">VFContribution-du-fran\u00e7ais-\u00e0-L\u2019EDD-en-vue-des<\/a><a href=\"http:\/\/reunifedd.fr\/wp-content\/uploads\/2021\/01\/VFContribution-du-fran\u00e7ais-\u00e0-L\u2019EDD-en-vue-des.pdf\" class=\"wp-block-file__button\" download>Download<\/a><\/div>\n\n\n\n<div class=\"wp-block-file\"><a href=\"http:\/\/reunifedd.fr\/wp-content\/uploads\/2021\/01\/VFContribution-du-fran\u00e7ais-\u00e0-L\u2019EDD-en-vue-des.pptx\">VFContribution-du-fran\u00e7ais-\u00e0-L\u2019EDD-en-vue-des<\/a><a href=\"http:\/\/reunifedd.fr\/wp-content\/uploads\/2021\/01\/VFContribution-du-fran\u00e7ais-\u00e0-L\u2019EDD-en-vue-des.pptx\" class=\"wp-block-file__button\" download>Download<\/a><\/div>\n","protected":false},"excerpt":{"rendered":"<p>Jeudi 21 Janvier 2021 (17h-19h30) Lien Zoom : https:\/\/us02web.zoom.us\/j\/82332151139?pwd=L1U3d0l6a0pXc0dGZnlkMFRObkczQT09&nbsp; Didier Mulnet (Universit\u00e9 Clermont Auvergne, R\u00e9UniFEDD) Des m\u00e9tacomp\u00e9tences aux indicateurs de comp\u00e9tences DD, jusqu&rsquo;\u00e0 leur int\u00e9gration dans le cadre des projets et des formations. C\u00e9line Montero Accompagner un territoire \u00e0 l&rsquo;\u00e8re de l&rsquo;anthropoc\u00e8ne quels nouveaux paradigmes&nbsp;? Retour d\u2019exp\u00e9rience d\u2019un cours en Master 2 Economie territoriale. Evelyne Martin et Fr\u00e9d\u00e9rique P\u00e9pin L&rsquo;entrepreneuriat solidaire des ODD sur le territoire.&nbsp;Une alliance des sciences \u00e9ducatives et de la soci\u00e9t\u00e9 active. La \u00a0\u00bbtransdisciplinarit\u00e9\u00a0\u00bb en question pour&#8230;<\/p>\n<p class=\"read-more\"><a class=\"btn btn-default\" href=\"https:\/\/reunifedd.fr\/index.php\/seminaire-formation-territoires\/\">Lire la suite<span class=\"screen-reader-text\"> Lire la suite<\/span><\/a><\/p>\n","protected":false},"author":6,"featured_media":0,"parent":0,"menu_order":0,"comment_status":"closed","ping_status":"closed","template":"","meta":{"footnotes":""},"class_list":["post-783","page","type-page","status-publish","hentry"],"_links":{"self":[{"href":"https:\/\/reunifedd.fr\/index.php\/wp-json\/wp\/v2\/pages\/783","targetHints":{"allow":["GET"]}}],"collection":[{"href":"https:\/\/reunifedd.fr\/index.php\/wp-json\/wp\/v2\/pages"}],"about":[{"href":"https:\/\/reunifedd.fr\/index.php\/wp-json\/wp\/v2\/types\/page"}],"author":[{"embeddable":true,"href":"https:\/\/reunifedd.fr\/index.php\/wp-json\/wp\/v2\/users\/6"}],"replies":[{"embeddable":true,"href":"https:\/\/reunifedd.fr\/index.php\/wp-json\/wp\/v2\/comments?post=783"}],"version-history":[{"count":20,"href":"https:\/\/reunifedd.fr\/index.php\/wp-json\/wp\/v2\/pages\/783\/revisions"}],"predecessor-version":[{"id":840,"href":"https:\/\/reunifedd.fr\/index.php\/wp-json\/wp\/v2\/pages\/783\/revisions\/840"}],"wp:attachment":[{"href":"https:\/\/reunifedd.fr\/index.php\/wp-json\/wp\/v2\/media?parent=783"}],"curies":[{"name":"wp","href":"https:\/\/api.w.org\/{rel}","templated":true}]}}

Séminaire 5 &#8211; Formation dans les territoires

<h3 class="has-text-align-center wp-block-heading">Jeudi 21 Janvier 2021 (17h-19h30)</h3>



<figure class="wp-block-video"><video autoplay controls loop muted src="blob:http://reunifedd.fr/2528b85f-0c90-4453-8b0e-082f81ffc06d"></video></figure>



<p></p>



<p class="has-background has-text-align-left has-very-light-gray-background-color">Lien Zoom :  <strong><a rel="noreferrer noopener" href="https://us02web.zoom.us/j/82332151139?pwd=L1U3d0l6a0pXc0dGZnlkMFRObkczQT09" target="_blank">https://us02web.zoom.us/j/82332151139?pwd=L1U3d0l6a0pXc0dGZnlkMFRObkczQT09</a></strong>&nbsp; </p>



<hr class="wp-block-separator"/>



<div class="wp-block-file"><a href="http://reunifedd.fr/wp-content/uploads/2021/01/Planning-Webinaire-DD-et-formations-et-projet-territoriaux.pdf">Planning-Webinaire-DD-et-formations-et-projet-territoriaux</a><a href="http://reunifedd.fr/wp-content/uploads/2021/01/Planning-Webinaire-DD-et-formations-et-projet-territoriaux.pdf" class="wp-block-file__button" download>Download</a></div>



<hr class="wp-block-separator"/>



<h4 class="wp-block-heading">Didier Mulnet (Université Clermont Auvergne, RéUniFEDD)</h4>



<p>Des métacompétences aux indicateurs de compétences DD, jusqu&rsquo;à leur intégration dans le cadre des projets et des formations.</p>



<div class="wp-block-file"><a href="http://reunifedd.fr/wp-content/uploads/2021/01/Métacompétences-et-indicateurs-DD-2.pdf" target="_blank" rel="noreferrer noopener">Métacompétences-et-indicateurs-DD-2</a><a href="http://reunifedd.fr/wp-content/uploads/2021/01/Métacompétences-et-indicateurs-DD-2.pdf" class="wp-block-file__button" download>Download</a></div>



<hr class="wp-block-separator"/>



<h4 class="wp-block-heading">Céline Montero</h4>



<p>Accompagner un territoire à l&rsquo;ère de l&rsquo;anthropocène quels nouveaux paradigmes&nbsp;? <br>Retour d’expérience d’un cours en Master 2 Economie territoriale.</p>



<hr class="wp-block-separator"/>



<h4 class="wp-block-heading"> Evelyne Martin et Frédérique Pépin </h4>



<p>L&rsquo;entrepreneuriat solidaire des ODD sur le territoire.&nbsp;Une alliance des sciences éducatives et de la société active. La  »transdisciplinarité » en question pour une société citoyenne durable. </p>



<div class="wp-block-file"><a href="http://reunifedd.fr/wp-content/uploads/2021/01/FP.-EM.-TT-FECODD-LAST.14-21.01.2021.pdf" target="_blank" rel="noreferrer noopener">FP. EM. T&amp;T &#8211; FECODD -LAST.14 -21.01.2021</a><a href="http://reunifedd.fr/wp-content/uploads/2021/01/FP.-EM.-TT-FECODD-LAST.14-21.01.2021.pdf" class="wp-block-file__button" download>Download</a></div>



<hr class="wp-block-separator"/>



<h4 class="wp-block-heading">Denis Dessagne</h4>



<p> L&rsquo;INSPE, le territoire et l&rsquo;éducation-formation aux ODD : entre réalisations et perspectives quel modèle de pilotage ?</p>



<div class="wp-block-file"><a href="http://reunifedd.fr/wp-content/uploads/2021/01/PrésentationWebinaire-territoire-D.Dessagne-2021-1-1.pdf">PrésentationWebinaire territoire D.Dessagne 2021 (1)</a><a href="http://reunifedd.fr/wp-content/uploads/2021/01/PrésentationWebinaire-territoire-D.Dessagne-2021-1-1.pdf" class="wp-block-file__button" download>Download</a></div>



<hr class="wp-block-separator"/>



<h4 class="wp-block-heading"> Albert&nbsp;Etienne Temkeng </h4>



<p> ODD9 : Sensibilisation, Enseignement et mise en œuvre dans les territoires. Le cas du projet MIECO-DDS-Cameroun.</p>



<p>Intervention en vidéo disponible ici :  &nbsp;<a rel="noreferrer noopener" target="_blank" href="https://youtu.be/xy7eInLJOj0">https://youtu.be/xy7eInLJOj0</a>&nbsp;&nbsp; </p>



<div class="wp-block-file"><a href="http://reunifedd.fr/wp-content/uploads/2021/01/ODD9-SENSIBILISATION-ENSEIGNEMENT-MISE-EN-OEUVRE-DANS-LES-TERRITOIRES.pptx">ODD9-SENSIBILISATION-ENSEIGNEMENT-MISE-EN-OEUVRE-DANS-LES-TERRITOIRES</a><a href="http://reunifedd.fr/wp-content/uploads/2021/01/ODD9-SENSIBILISATION-ENSEIGNEMENT-MISE-EN-OEUVRE-DANS-LES-TERRITOIRES.pptx" class="wp-block-file__button" download>Download</a></div>



<hr class="wp-block-separator"/>



<h4 class="wp-block-heading"> Jean Marc&nbsp;Lusson</h4>



<p>Méthode qualitative d&rsquo;observation territoriale de la résilience.&nbsp;La Matrice de résilience de Linkov. </p>



<div class="wp-block-file"><a href="http://reunifedd.fr/wp-content/uploads/2021/01/20210117-Méthode-dobservation-territoriale-de-la-résilience-15mn.pptx">20210117-Méthode-dobservation-territoriale-de-la-résilience-15mn</a><a href="http://reunifedd.fr/wp-content/uploads/2021/01/20210117-Méthode-dobservation-territoriale-de-la-résilience-15mn.pptx" class="wp-block-file__button" download>Download</a></div>



<hr class="wp-block-separator"/>



<h4 class="wp-block-heading">Dominique Desbois</h4>



<p>Les outils de la statistique publique au service du développement durable des territoires. <br>UMR Economie publique / INRAE / AgroParisTech </p>



<div class="wp-block-file"><a href="http://reunifedd.fr/wp-content/uploads/2021/01/séminaire_FECODD_20210121_ODD_et_territoires_Desbois_Dominique.pdf">séminaire_FECODD_20210121_ODD_et_territoires_Desbois_Dominique</a><a href="http://reunifedd.fr/wp-content/uploads/2021/01/séminaire_FECODD_20210121_ODD_et_territoires_Desbois_Dominique.pdf" class="wp-block-file__button" download>Download</a></div>



<div class="wp-block-file"><a href="http://reunifedd.fr/wp-content/uploads/2021/01/Les-outils-de-la-statistique-publique-au-service-des-terrtoires_Desbois_20210120_bis.docx">Les-outils-de-la-statistique-publique-au-service-des-terrtoires_Desbois_20210120_bis</a><a href="http://reunifedd.fr/wp-content/uploads/2021/01/Les-outils-de-la-statistique-publique-au-service-des-terrtoires_Desbois_20210120_bis.docx" class="wp-block-file__button" download>Download</a></div>



<hr class="wp-block-separator"/>



<h4 class="wp-block-heading">Rachel Sampson </h4>



<p>Contribution du français à L’EDD en vue des ODD, pour un entrepreneuriat responsable et une territorialité vive, en filière BTS/GPME.</p>



<div class="wp-block-file"><a href="http://reunifedd.fr/wp-content/uploads/2021/01/VFContribution-du-français-à-L’EDD-en-vue-des.pdf">VFContribution-du-français-à-L’EDD-en-vue-des</a><a href="http://reunifedd.fr/wp-content/uploads/2021/01/VFContribution-du-français-à-L’EDD-en-vue-des.pdf" class="wp-block-file__button" download>Download</a></div>



<div class="wp-block-file"><a href="http://reunifedd.fr/wp-content/uploads/2021/01/VFContribution-du-français-à-L’EDD-en-vue-des.pptx">VFContribution-du-français-à-L’EDD-en-vue-des</a><a href="http://reunifedd.fr/wp-content/uploads/2021/01/VFContribution-du-français-à-L’EDD-en-vue-des.pptx" class="wp-block-file__button" download>Download</a></div>

<p>Jeudi 21 Janvier 2021 (17h-19h30) Lien Zoom : https://us02web.zoom.us/j/82332151139?pwd=L1U3d0l6a0pXc0dGZnlkMFRObkczQT09&nbsp; Didier Mulnet (Université Clermont Auvergne, RéUniFEDD) Des métacompétences aux indicateurs de compétences DD, jusqu&rsquo;à leur intégration dans le cadre des projets et des formations. Céline Montero Accompagner un territoire à l&rsquo;ère de l&rsquo;anthropocène quels nouveaux paradigmes&nbsp;? Retour d’expérience d’un cours en Master 2 Economie territoriale. Evelyne Martin et Frédérique Pépin L&rsquo;entrepreneuriat solidaire des ODD sur le territoire.&nbsp;Une alliance des sciences éducatives et de la société active. La  »transdisciplinarité » en question pour&#8230;</p>
<p class="read-more"><a class="btn btn-default" href="https://reunifedd.fr/index.php/seminaire-formation-territoires/">Lire la suite<span class="screen-reader-text"> Lire la suite</span></a></p>
